{"id":60444,"date":"2026-02-08T19:31:40","date_gmt":"2026-02-08T18:31:40","guid":{"rendered":"https:\/\/www.bgamstetten.ac.at\/?page_id=60444"},"modified":"2026-02-09T07:41:24","modified_gmt":"2026-02-09T06:41:24","slug":"beratung-bei-lese-rechtschreibschwierigkeiten","status":"publish","type":"page","link":"https:\/\/www.bgamstetten.ac.at\/index.php\/beratung-bei-lese-rechtschreibschwierigkeiten\/","title":{"rendered":"Beratung bei Lese-\/ Rechtschreibschwierigkeiten"},"content":{"rendered":"<style type=\"text\/css\"><\/style><div id=\"cmsms_row_6a0034b3cb251\" class=\"cmsms_row cmsms_color_scheme_default\">\n<div class=\"cmsms_row_outer_parent\">\n<div class=\"cmsms_row_outer\">\n<div class=\"cmsms_row_inner\">\n<div class=\"cmsms_row_margin\">\n<div class=\"cmsms_column one_first\">\n<div class=\"cmsms_text\">\n<p><img decoding=\"async\" class=\"rundesBild alignleft wp-image-60453 size-medium\" src=\"https:\/\/www.bgamstetten.ac.at\/wp-content\/uploads\/2026\/02\/lsr-300x245.png\" alt=\"\" width=\"300\" height=\"245\" srcset=\"https:\/\/www.bgamstetten.ac.at\/wp-content\/uploads\/2026\/02\/lsr-300x245.png 300w, https:\/\/www.bgamstetten.ac.at\/wp-content\/uploads\/2026\/02\/lsr-768x627.png 768w, https:\/\/www.bgamstetten.ac.at\/wp-content\/uploads\/2026\/02\/lsr-580x473.png 580w, https:\/\/www.bgamstetten.ac.at\/wp-content\/uploads\/2026\/02\/lsr-820x669.png 820w, https:\/\/www.bgamstetten.ac.at\/wp-content\/uploads\/2026\/02\/lsr.png 912w\" sizes=\"(max-width: 300px) 100vw, 300px\" \/><\/p>\n<p><strong>Informationen zum Umgang mit Lese-Rechtschreibschwierigkeiten an unserer Schule<\/strong><\/p>\n<p>An unserer Schule ist es allen P\u00e4dagog:innen ein gro\u00dfes Anliegen, Sch\u00fcler:innen mit einer Lese- und Rechtschreibschw\u00e4che bestm\u00f6glich beim Erwerb der Schriftsprache zu unterst\u00fctzen.<\/p>\n<\/p>\n<p><strong>Erkennen der Symptomatik<\/strong><\/p>\n<\/p>\n<p>M\u00f6gliche Anzeichen einer Lese-Rechtschreibschw\u00e4che sind<\/p>\n<ul>\n<li>ein langsamerer und m\u00fchevollerer Leseerwerb<\/li>\n<li>ein vermindertes Lesetempo<\/li>\n<li>ein langsamerer und m\u00fchevollerer Schreiberwerb<\/li>\n<li>eine erh\u00f6hte Anzahl an Rechtschreibfehlern<\/li>\n<\/ul>\n<p>Liegt eine <strong>diagnostizierte Lese- und Rechtschreibst\u00f6rung <\/strong>vor, informieren Sie uns, denn es ist dem gesamten Kollegium wichtig, alle vorgesehenen M\u00f6glichkeiten der <strong>Leistungsfeststellung und Leistungsbeurteilung <\/strong>zu ber\u00fccksichtigen.<\/p>\n<\/p>\n<p>Gemeinsam mit dem Kind sowie in Absprache mit dem Kollegium, den Eltern und gegebenenfalls zus\u00e4tzlichen Expert:innen (z. B. Schulpsycholog:innen oder LRS-Therapeut:innen) werden individuelle und notwendige ausgleichende<br \/><strong>Unterst\u00fctzungsma\u00dfnahmen <\/strong>erarbeitet.<\/p>\n<\/p>\n<p>Zus\u00e4tzlich bieten wir einmal w\u00f6chentlich ein<strong> einst\u00fcndiges Rechtschreibtraining <\/strong>in einer Kleingruppe f\u00fcr rechtschreibschwache Sch\u00fcler:innen an. Dieses Angebot richtet sich \u2013 je nach Platzangebot \u2013 an Kinder <strong>mit oder ohne Gutachten<\/strong>.<\/p>\n<p>Bei Fragen kontaktieren Sie mich gerne:<\/p>\n<div class=\"leftdiv\" style=\"width: auto;\">\n<p><img decoding=\"async\" class=\"rundesBild alignleft wp-image-49980 size-medium\" src=\"https:\/\/www.bgamstetten.ac.at\/wp-content\/uploads\/2022\/07\/SimonePils-217x300.jpg\" alt=\"\" width=\"217\" height=\"300\" srcset=\"https:\/\/www.bgamstetten.ac.at\/wp-content\/uploads\/2022\/07\/SimonePils-217x300.jpg 217w, https:\/\/www.bgamstetten.ac.at\/wp-content\/uploads\/2022\/07\/SimonePils.jpg 578w\" sizes=\"(max-width: 217px) 100vw, 217px\" \/><\/p>\n<\/div>\n<div class=\"rightdiv\" style=\"width: auto;\">\n<p><em>Mag. Simone Pils<br \/>Legasthenieberaterin &amp; BALDT-Legasthenie und Dyskalkulietherapeutin i. A.<br \/><a href=\"mailto:pilsi@am-gym.at\">pilsi@am-gym.at<\/a><\/em><\/p>\n<\/p>\n<p><strong>Weiterf\u00fchrende Informationen:<\/strong><\/p>\n<ul>\n<li><a href=\"https:\/\/pubshop.bmb.gv.at\/index.php?article_id=9&amp;sort=title&amp;search%5Bcat%5D=46&amp;pub=1015\" target=\"_blank\" rel=\"noopener\">Der Schulische Umgang mit LRS \u2013 Eine Handreichung<\/a><\/li>\n<li><a href=\"https:\/\/lrs-therapeuten.org\/\" target=\"_blank\" rel=\"noopener\">Berufsverband Akademischer Legasthenie-Dyskalkulie-TherapeutInnen<\/a><\/li>\n<li><a href=\"https:\/\/www.lern-art.at\/lernstoerung\/\" target=\"_blank\" rel=\"noopener\">LernBlog<\/a><\/li>\n<li><a href=\"https:\/\/www.lrs-meetz-englisch.de\/blog\/\" target=\"_blank\" rel=\"noopener\">LRS und Englisch<\/a><\/li>\n<\/ul>\n<\/div>\n<\/div>\n<\/div>\n<\/div>\n<\/div>\n<\/div>\n<\/div>\n<\/div>\n","protected":false},"excerpt":{"rendered":"","protected":false},"author":14,"featured_media":0,"parent":0,"menu_order":0,"comment_status":"closed","ping_status":"closed","template":"","meta":{"footnotes":""},"class_list":["post-60444","page","type-page","status-publish","hentry"],"_links":{"self":[{"href":"https:\/\/www.bgamstetten.ac.at\/index.php\/wp-json\/wp\/v2\/pages\/60444","targetHints":{"allow":["GET"]}}],"collection":[{"href":"https:\/\/www.bgamstetten.ac.at\/index.php\/wp-json\/wp\/v2\/pages"}],"about":[{"href":"https:\/\/www.bgamstetten.ac.at\/index.php\/wp-json\/wp\/v2\/types\/page"}],"author":[{"embeddable":true,"href":"https:\/\/www.bgamstetten.ac.at\/index.php\/wp-json\/wp\/v2\/users\/14"}],"replies":[{"embeddable":true,"href":"https:\/\/www.bgamstetten.ac.at\/index.php\/wp-json\/wp\/v2\/comments?post=60444"}],"version-history":[{"count":18,"href":"https:\/\/www.bgamstetten.ac.at\/index.php\/wp-json\/wp\/v2\/pages\/60444\/revisions"}],"predecessor-version":[{"id":60465,"href":"https:\/\/www.bgamstetten.ac.at\/index.php\/wp-json\/wp\/v2\/pages\/60444\/revisions\/60465"}],"wp:attachment":[{"href":"https:\/\/www.bgamstetten.ac.at\/index.php\/wp-json\/wp\/v2\/media?parent=60444"}],"curies":[{"name":"wp","href":"https:\/\/api.w.org\/{rel}","templated":true}]}}