{"id":55465,"date":"2024-05-15T15:18:22","date_gmt":"2024-05-15T13:18:22","guid":{"rendered":"https:\/\/www.bgamstetten.ac.at\/?page_id=55465"},"modified":"2025-03-21T09:07:11","modified_gmt":"2025-03-21T08:07:11","slug":"absolventenverein","status":"publish","type":"page","link":"https:\/\/www.bgamstetten.ac.at\/index.php\/schule\/gemeinschaft\/absolventenverein\/","title":{"rendered":"Absolventenverein"},"content":{"rendered":"<style type=\"text\/css\"> \n#cmsms_row_69eb0ecb0e8a8 .cmsms_row_outer_parent { \n\tpadding-top: 0px; \n} \n\n#cmsms_row_69eb0ecb0e8a8 .cmsms_row_outer_parent { \n\tpadding-bottom: 50px; \n} \n\n<\/style><div id=\"cmsms_row_69eb0ecb0e657\" class=\"cmsms_row cmsms_color_scheme_default\">\n<div class=\"cmsms_row_outer_parent\">\n<div class=\"cmsms_row_outer\">\n<div class=\"cmsms_row_inner\">\n<div class=\"cmsms_row_margin\">\n<div class=\"cmsms_column one_first\">\n<div class=\"cmsms_text\">\n<h1 class=\"wp-block-heading\"><strong><span style=\"color: #800000;\">Verein der Absolventen und Freunde des Ostarrichi-Gymnasiums Amstetten<\/span><\/strong><\/h1>\n<p>Die Absolventinnen und Absolventen des Amstettner Ostarrichi-Gymnasiums haben in der \u00fcber 80-j\u00e4hrigen Schulgeschichte ihre Verbundenheit und Solidarit\u00e4t mit unserer Schule immer wieder und in vielf\u00e4ltiger Weise unter Beweis gestellt. Mit der <strong>Gr\u00fcndung des Absolventenvereins am 01.03.2012 <\/strong>erf\u00fcllte sich ein langgehegter Wunsch der Schule nach einer Anlaufstelle f\u00fcr all jene, die sich mit dem Ostarrichi-Gymnasium Amstetten verbunden f\u00fchlen, und einer Plattform, um den vielf\u00e4ltigen <strong>Aktivit\u00e4ten der Absolventinnen und Absolventen<\/strong> eine Struktur zu geben.<\/p>\n<\/p>\n<div class=\"wp-block-image is-style-default\">\n<figure class=\"alignleft size-large is-resized\"><img decoding=\"async\" width=\"1024\" height=\"638\" class=\"wp-image-55467\" style=\"width: 427px; height: auto;\" src=\"https:\/\/www.bgamstetten.ac.at\/wp-content\/uploads\/2024\/05\/AV-LogoSchulwebsite-1-1024x638.jpg\" alt=\"Verein der Absolventen und Freunde des Ostarrichi-Gymnasiums\" srcset=\"https:\/\/www.bgamstetten.ac.at\/wp-content\/uploads\/2024\/05\/AV-LogoSchulwebsite-1-1024x638.jpg 1024w, https:\/\/www.bgamstetten.ac.at\/wp-content\/uploads\/2024\/05\/AV-LogoSchulwebsite-1-300x187.jpg 300w, https:\/\/www.bgamstetten.ac.at\/wp-content\/uploads\/2024\/05\/AV-LogoSchulwebsite-1-768x479.jpg 768w, https:\/\/www.bgamstetten.ac.at\/wp-content\/uploads\/2024\/05\/AV-LogoSchulwebsite-1-1536x957.jpg 1536w, https:\/\/www.bgamstetten.ac.at\/wp-content\/uploads\/2024\/05\/AV-LogoSchulwebsite-1-2048x1276.jpg 2048w, https:\/\/www.bgamstetten.ac.at\/wp-content\/uploads\/2024\/05\/AV-LogoSchulwebsite-1-580x361.jpg 580w, https:\/\/www.bgamstetten.ac.at\/wp-content\/uploads\/2024\/05\/AV-LogoSchulwebsite-1-820x511.jpg 820w, https:\/\/www.bgamstetten.ac.at\/wp-content\/uploads\/2024\/05\/AV-LogoSchulwebsite-1-1160x723.jpg 1160w\" sizes=\"(max-width: 1024px) 100vw, 1024px\" \/><\/figure>\n<\/div>\n<\/div>\n<\/div>\n<\/div>\n<\/div>\n<\/div>\n<\/div>\n<\/div>\n<div id=\"cmsms_row_69eb0ecb0e8a8\" class=\"cmsms_row cmsms_color_scheme_default\">\n<div class=\"cmsms_row_outer_parent\">\n<div class=\"cmsms_row_outer\">\n<div class=\"cmsms_row_inner\">\n<div class=\"cmsms_row_margin\">\n<div class=\"cmsms_column one_first\">\n<div class=\"cmsms_toggles toggles_mode_accordion\">\n<div class=\"cmsms_toggle_wrap\" data-tags=\"all \">\n<div class=\"cmsms_toggle_title\">\n<span class=\"cmsms_toggle_plus\">\n<span class=\"cmsms_toggle_plus_hor\"><\/span>\n<span class=\"cmsms_toggle_plus_vert\"><\/span>\n<\/span>\n<a href=\"#\">ABSOLVENTENVEREIN<\/a>\n<\/div>\n<div class=\"cmsms_toggle\">\n<div class=\"cmsms_toggle_inner\">\n<p>Der Sinn und Zweck des Absolventenvereins wurde bei Gr\u00fcndung im Vereinskonzept festlegt und in den Statuten verankert. Im Grunde geht es um zwei Dinge:<\/p>\n<ul>\n<li>die F\u00f6rderung der <strong>Kommunikation und Vernetzung<\/strong> von AbsolventInnen und FreundInnen der Schule untereinander und mit dem Ostarrichi-Gymnasium Amstetten und<\/li>\n<li>die F\u00f6rderung eines <strong>positiven Bildes der Schule in der \u00d6ffentlichkeit<\/strong> als \u00e4u\u00dferes Zeichen der Verbundenheit mit der Schule<\/li>\n<\/ul>\n<p><strong>Mitglieder<\/strong> des Absolventenvereins k\u00f6nnen <strong>Absolventinnen und Absolventen<\/strong> werden sowie alle \u201e<strong>Freundinnen und Freude der Schule<\/strong>\u201c (z.B. aktive und ehemalige ProfessorInnen, ehemalige Sch\u00fclerInnen ab dem 18. Lebensjahr, ElternvertreterInnen, SGA-Mitglieder, F\u00f6rderer der Schule etc.). Anzahl der Mitglieder: ca. 600<\/p>\n<p><strong>Anmeldung zur Mitgliedschaft: <\/strong><\/p>\n<ul>\n<li>via <a href=\"https:\/\/drive.google.com\/file\/d\/15-dEL0lv6OzW2nODDOoi21PEv9OyNBsA\/view?usp=sharing\" target=\"_blank\" rel=\"noopener\">Beitrittserkl\u00e4rung<\/a>\u00a0(PDF) f\u00fcr die Abgabe im Sekretariat der Schule oder eingesannt als E-Mail an <a href=\"mailto:absolventenverein@am-gym.at\">absolventenverein@am-gym.at<\/a><\/li>\n<\/ul>\n<p><strong>Mitgliedsbeitrag:<\/strong> \u20ac 10,00 p.a. &#8211; wir freuen uns auch \u00fcber freiwillige Spenden auf das Konto: IBAN AT23 2020 20000 0004 8280.<\/p>\n<p>Der <a href=\"https:\/\/drive.google.com\/file\/d\/10b9M4VetHeqhIOmCGMZHjqoaZrn85VDL\/view?usp=sharing\" target=\"_blank\" rel=\"noopener\"><strong>Vorstand<\/strong><\/a> des Absolventenvereins wird gem\u00e4\u00df <a href=\"https:\/\/www.bgamstetten.ac.at\/wp-content\/uploads\/2024\/05\/Statuten_221007.pdf\" target=\"_blank\" rel=\"noopener\">Statuten<\/a> f\u00fcr eine 2-j\u00e4hrige Funktionsperiode von der Generalversammlung gew\u00e4hlt.<\/p>\n<p><strong>Kontakt<\/strong> zum Absolventenverein (<strong>ZVR 925767338<\/strong>):<\/p>\n<ul>\n<li>Postadresse: Anzengruberstra\u00dfe 6, 3300 Amstetten<\/li>\n<li>E-Mail: <a href=\"mailto:absolventenverein@am-gym.at\">absolventenverein@am-gym.at<\/a><\/li>\n<\/ul>\n<\/div>\n<\/div>\n<\/div><div class=\"cmsms_toggle_wrap\" data-tags=\"all \">\n<div class=\"cmsms_toggle_title\">\n<span class=\"cmsms_toggle_plus\">\n<span class=\"cmsms_toggle_plus_hor\"><\/span>\n<span class=\"cmsms_toggle_plus_vert\"><\/span>\n<\/span>\n<a href=\"#\">ABSOLVENTENSERVICE<\/a>\n<\/div>\n<div class=\"cmsms_toggle\">\n<div class=\"cmsms_toggle_inner\">\n<ul class=\"av\">\n<li>Angebot der <strong>Mitgliedschaft <\/strong>f\u00fcr AbsolventInnen anl\u00e4sslich ihres Abschlusses am Ostarrichi-Gymnasium &#8211; beitragsfrei im Maturajahr<\/li>\n<li>j\u00e4hrliches <strong>Absolventen-Meeting<\/strong> mit Absolventen-Referat und musikalischer Umrahmung jeweils am 1. Freitag im Oktober f\u00fcr alle Mitglieder und interessierten G\u00e4ste<\/li>\n<li>Zusendung der j\u00e4hrlichen <strong>&#8222;SCHULNACHRICHT&#8220;<\/strong> mit Infos \u00fcber die Aktivit\u00e4ten des Absolventenvereins und \u00fcber Neuigkeiten aus der Schule an alle Mitglieder und an alle Professorinnen und Professoren<\/li>\n<li><strong>Einladung<\/strong> zum j\u00e4hrlichen Absolventen-Meeting und zum Ball des Gymnasiums f\u00fcr alle Mitglieder<\/li>\n<li>umfangreiche <strong>Schriftensammlung<\/strong> f\u00fcr Jahresberichte, Maturazeitungen, Jubil\u00e4umsschriften etc.<\/li>\n<li>Administration der <strong>Alumni-Datenbank <\/strong>(Meldungen zu Namens- und Kontaktdaten\u00e4nderungen bitte gerne per <a href=\"mailto:absolventenverein@am-gym.at?subject=\u00c4nderungsmeldung\">E-Mail<\/a>) im Auftrag unserer Schule (Link zur <a href=\"https:\/\/drive.google.com\/file\/d\/10kG-DUlvMkX2cl4QvgmEghUC42dq2zRe\/view?usp=sharing\" target=\"_blank\" rel=\"noopener\">Datenschutzerkl\u00e4rung<\/a>)<\/li>\n<li>Organisatorische Unterst\u00fctzung von <strong>Klassen- und Maturatreffen<\/strong> (<a href=\"https:\/\/www.bgamstetten.ac.at\/wp-content\/uploads\/2024\/05\/Checkliste-\u2013-Maturatreffen.pdf\" target=\"_blank\" rel=\"noopener\">Checkliste f\u00fcr Maturatreffen<\/a>, Schulf\u00fchrung, Empfang in der Schule, Gruppenfotos etc.)<\/li>\n<li><strong>Finanzielle Unterst\u00fctzung von Schulveranstaltungen<\/strong> mit Bezug zu AbsolventInnen (Absolventenkonzert, Absolventen-Fu\u00dfballturnier, Absolventenbewerb bei der Schulskimeisterschaft, Treffen der IT-Absolventen etc.)<\/li>\n<li><strong>Service-Veranstaltungen<\/strong> f\u00fcr angehende Alumni (Studieneinstiegsinfo f\u00fcr MaturantInnen von AbsolventInnen, Absolventenfeier zum Abschluss der 8. Klasse)<\/li>\n<li>Einrichtung einer Ecke f\u00fcr <strong>Absolventen-Literatur<\/strong> in der Schulbibliothek des Ostarrichi-Gymnasiums<\/li>\n<li>Verleihung des <strong>ACHI des Absolventenvereins<\/strong> an Pers\u00f6nlichkeiten oder Institutionen, die sich um den Absolventenverein verdient gemacht haben &gt; <a href=\"https:\/\/www.bgamstetten.ac.at\/wp-content\/uploads\/2024\/05\/ACHI-Ehrentafel_2022.pdf\" target=\"_blank\" rel=\"noopener\">Liste der Preistr\u00e4ger<\/a><\/li>\n<li>Info und News \u00fcber den Absolventenverein via <strong>Facebook-Gruppe<\/strong> und hier auf der <strong>Schulwebsite<\/strong> unter \u201eAktuelles\u201c<\/li>\n<\/ul>\n<\/div>\n<\/div>\n<\/div><div class=\"cmsms_toggle_wrap current_toggle\" data-tags=\"all \">\n<div class=\"cmsms_toggle_title\">\n<span class=\"cmsms_toggle_plus\">\n<span class=\"cmsms_toggle_plus_hor\"><\/span>\n<span class=\"cmsms_toggle_plus_vert\"><\/span>\n<\/span>\n<a href=\"#\">VERANSTALTUNGEN VON UND F\u00dcR ABSOLVENTINNEN<\/a>\n<\/div>\n<div class=\"cmsms_toggle\">\n<div class=\"cmsms_toggle_inner\">\n<p>Der Absolventenverein organisiert oder unterst\u00fctzt mehrere &#8211; mittlerweile traditionelle &#8211; j\u00e4hrlich stattfindende Veranstaltungen f\u00fcr und\/oder von AbsolventInnen. Die genauen Daten sind aus dem aktuellen <a href=\"https:\/\/www.bgamstetten.ac.at\/index.php\/service\/kalender-termine\/\" target=\"_blank\" rel=\"noopener\">Schulkalender<\/a> ersichtlich.<\/p>\n<ul class=\"av\">\n<li>im J\u00e4nner (Sa.):<br \/><strong>Ball des Gymnasiums<\/strong> in der Johann P\u00f6lz-Halle Amstetten mit Absolventenbar<\/li>\n<li>im Februar (Fr.):<br \/><strong>Studieneinstiegsinfo<\/strong> von AbsolventInnen unserer Schule f\u00fcr die MaturantInnen des laufenden Schuljahres im Mehrzwecksaal (seit 2012)<\/li>\n<li>im Februar (Fr.):<br \/><b>AbsolventInnenbewerb<\/b> bei der <a href=\"https:\/\/drive.google.com\/file\/d\/14XOX5aVX-zSd3m96QrR0KMJCfNz96iTM\/view?usp=sharing\" target=\"_blank\" rel=\"noopener\">Schulskimeisterschaft<\/a>, organisiert von Prof. Andreas Lahmer und <a href=\"https:\/\/drive.google.com\/file\/d\/14Eed6g9_RoNJGbPglQ-dvDJw-eJROMCh\/view?usp=drive_link\" target=\"_blank\" rel=\"noopener\">Online-Anmeldung<\/a><\/li>\n<li>im M\u00e4rz (Sa.):<br \/><strong>Absolventenkonzert <\/strong>in der Johann P\u00f6lz-Halle Amstetten unter der Leitung von ACHI-Preistr\u00e4ger Dr. Thomas Schnabel (seit 2003)<\/li>\n<li>im April\/Mai:<br \/><strong>Absolventenfeier <\/strong>f\u00fcr die MaturantInnen des laufenden Schuljahres anl\u00e4sslich ihres letzten Schultages in den 8. Klassen im Mehrzwecksaal (seit 2012)<\/li>\n<li>im Oktober (1. Fr.):<br \/><strong>Absolventen-Meeting und Generalversammlung<\/strong> des Absolventenvereins mit Absolventen-Referat, musikalischem Rahmenprogramm und gem\u00fctlichem Beisammensein bei Drinks &amp; Snacks im Foyer unserer Schule (seit 2012)<\/li>\n<li>im November (Sa.):<br \/><strong>Absolventen-Fu\u00dfballturnier<\/strong> in der Sporthalle Amstetten, organisiert von ACHI-Preistr\u00e4ger Christof Laumer und Paul Laumer (seit 1995)<br \/>Anmeldung bei <a href=\"mailto:christof.laumer@gmail.com\">christof.laumer@gmail.com<\/a>.<\/li>\n<\/ul>\n<\/div>\n<\/div>\n<\/div><div class=\"cmsms_toggle_wrap\" data-tags=\"all \">\n<div class=\"cmsms_toggle_title\">\n<span class=\"cmsms_toggle_plus\">\n<span class=\"cmsms_toggle_plus_hor\"><\/span>\n<span class=\"cmsms_toggle_plus_vert\"><\/span>\n<\/span>\n<a href=\"#\">DER ACHI DES ABSOLVENTENVEREINS<\/a>\n<\/div>\n<div class=\"cmsms_toggle\">\n<div class=\"cmsms_toggle_inner\">\n<p>Mit dem ACHI, sprich [\u0251\u02d0d\u0292\u026a], ehrt der Absolventenverein Personen oder Institutionen, die sich um die Vernetzung von Absolventen, Lehrern und Freunden der Schule untereinander und mit dem Ostarrichi-Gymnasium Amstetten verdient gemacht haben und die ihrer Verbundenheit mit unserer Schule und mit dem Absolventenverein in besonderer Weise Ausdruck verleihen.<\/p>\n<p>Benannt nach <strong>Mag. Helmut Achleitner aka Achi<\/strong>, eine Integrationsfigur vieler Sch\u00fclerInnen- und LehrerInnen-Generationen und einer der Initiatoren des Absolventenvereins, wurde er beim Absolventen-Meetings 2013 als allererster mit dem <strong>ACHI des Absolventenvereins<\/strong> in Anerkennung seiner Verdienste geehrt.<\/p>\n<p>Der Original-Achi verbleibt bei seinem Namensgeber. F\u00fcr zuk\u00fcnftige Tr\u00e4ger dieses Ehrenpreises gibt es ein Pendant, das als Wander-ACHI an Personen verliehen wird, die den Geist der &#8222;Ehemaligen&#8220; des Ostarrichi-Gymnasiums leben, unterst\u00fctzen und weitertragen. &gt; <a href=\"https:\/\/www.bgamstetten.ac.at\/wp-content\/uploads\/2024\/05\/ACHI-Ehrentafel_2022.pdf\" target=\"_blank\" rel=\"noopener\">bisherige Preistr\u00e4ger<\/a><\/p>\n<p><img decoding=\"async\" class=\"alignleft size-full wp-image-55489\" src=\"https:\/\/www.bgamstetten.ac.at\/wp-content\/uploads\/2024\/05\/AchiMitACHI.jpg\" alt=\"\" width=\"536\" height=\"404\" srcset=\"https:\/\/www.bgamstetten.ac.at\/wp-content\/uploads\/2024\/05\/AchiMitACHI.jpg 536w, https:\/\/www.bgamstetten.ac.at\/wp-content\/uploads\/2024\/05\/AchiMitACHI-300x226.jpg 300w\" sizes=\"(max-width: 536px) 100vw, 536px\" \/><\/p>\n<\/div>\n<\/div>\n<\/div><\/div>\n<\/div>\n<\/div>\n<\/div>\n<\/div>\n<\/div>\n<\/div>\n","protected":false},"excerpt":{"rendered":"","protected":false},"author":14,"featured_media":0,"parent":55245,"menu_order":0,"comment_status":"closed","ping_status":"closed","template":"","meta":{"footnotes":""},"class_list":["post-55465","page","type-page","status-publish","hentry"],"_links":{"self":[{"href":"https:\/\/www.bgamstetten.ac.at\/index.php\/wp-json\/wp\/v2\/pages\/55465","targetHints":{"allow":["GET"]}}],"collection":[{"href":"https:\/\/www.bgamstetten.ac.at\/index.php\/wp-json\/wp\/v2\/pages"}],"about":[{"href":"https:\/\/www.bgamstetten.ac.at\/index.php\/wp-json\/wp\/v2\/types\/page"}],"author":[{"embeddable":true,"href":"https:\/\/www.bgamstetten.ac.at\/index.php\/wp-json\/wp\/v2\/users\/14"}],"replies":[{"embeddable":true,"href":"https:\/\/www.bgamstetten.ac.at\/index.php\/wp-json\/wp\/v2\/comments?post=55465"}],"version-history":[{"count":34,"href":"https:\/\/www.bgamstetten.ac.at\/index.php\/wp-json\/wp\/v2\/pages\/55465\/revisions"}],"predecessor-version":[{"id":58020,"href":"https:\/\/www.bgamstetten.ac.at\/index.php\/wp-json\/wp\/v2\/pages\/55465\/revisions\/58020"}],"up":[{"embeddable":true,"href":"https:\/\/www.bgamstetten.ac.at\/index.php\/wp-json\/wp\/v2\/pages\/55245"}],"wp:attachment":[{"href":"https:\/\/www.bgamstetten.ac.at\/index.php\/wp-json\/wp\/v2\/media?parent=55465"}],"curies":[{"name":"wp","href":"https:\/\/api.w.org\/{rel}","templated":true}]}}