{"id":51073,"date":"2022-08-11T10:14:22","date_gmt":"2022-08-11T08:14:22","guid":{"rendered":"https:\/\/www.bgamstetten.ac.at\/?page_id=51073"},"modified":"2022-08-13T11:46:23","modified_gmt":"2022-08-13T09:46:23","slug":"tischtennis","status":"publish","type":"page","link":"https:\/\/www.bgamstetten.ac.at\/index.php\/ausbildung\/unverbindliche-uebungen\/tischtennis\/","title":{"rendered":"Tischtennis"},"content":{"rendered":"<style type=\"text\/css\"><\/style><div class=\"maindiv\">\n<div class=\"leftdiv\">\n<div class=\"content_slider_wrap\" style=\"max-width:px;\">\n<script type=\"text\/javascript\">jQuery(document).ready(function () { jQuery(\"#cmsms_slider_69f462ed960f2.content_slider\").owlCarousel( { singleItem : true, transitionStyle: false, rewindSpeed : 1000, slideSpeed : 600, autoHeight : true, paginationSpeed : \t600, autoPlay : 5000,stopOnHover: true, navigationText : \t[ \"<span class=\\\"cmsms_prev_arrow\\\"><\/span>\", \"<span class=\\\"cmsms_next_arrow\\\"><\/span>\" ] } );} );<\/script>\n<div id=\"cmsms_slider_69f462ed960f2\" class=\"content_slider owl-carousel\">\n<div class=\"item\"><img decoding=\"async\" width=\"800\" height=\"454\" src=\"https:\/\/www.bgamstetten.ac.at\/wp-content\/uploads\/2022\/08\/tt22-bb.jpg\" class=\"attachment-full size-full\" alt=\"\" srcset=\"https:\/\/www.bgamstetten.ac.at\/wp-content\/uploads\/2022\/08\/tt22-bb.jpg 800w, https:\/\/www.bgamstetten.ac.at\/wp-content\/uploads\/2022\/08\/tt22-bb-300x170.jpg 300w, https:\/\/www.bgamstetten.ac.at\/wp-content\/uploads\/2022\/08\/tt22-bb-768x436.jpg 768w, https:\/\/www.bgamstetten.ac.at\/wp-content\/uploads\/2022\/08\/tt22-bb-580x329.jpg 580w\" sizes=\"(max-width: 800px) 100vw, 800px\" \/><\/div><div class=\"item\"><img decoding=\"async\" width=\"900\" height=\"600\" src=\"https:\/\/www.bgamstetten.ac.at\/wp-content\/uploads\/2022\/08\/tt22-17.jpg\" class=\"attachment-full size-full\" alt=\"\" srcset=\"https:\/\/www.bgamstetten.ac.at\/wp-content\/uploads\/2022\/08\/tt22-17.jpg 900w, https:\/\/www.bgamstetten.ac.at\/wp-content\/uploads\/2022\/08\/tt22-17-300x200.jpg 300w, https:\/\/www.bgamstetten.ac.at\/wp-content\/uploads\/2022\/08\/tt22-17-768x512.jpg 768w, https:\/\/www.bgamstetten.ac.at\/wp-content\/uploads\/2022\/08\/tt22-17-580x387.jpg 580w, https:\/\/www.bgamstetten.ac.at\/wp-content\/uploads\/2022\/08\/tt22-17-820x547.jpg 820w\" sizes=\"(max-width: 900px) 100vw, 900px\" \/><\/div><div class=\"item\"><img decoding=\"async\" width=\"900\" height=\"600\" src=\"https:\/\/www.bgamstetten.ac.at\/wp-content\/uploads\/2022\/08\/tt22-11.jpg\" class=\"attachment-full size-full\" alt=\"\" srcset=\"https:\/\/www.bgamstetten.ac.at\/wp-content\/uploads\/2022\/08\/tt22-11.jpg 900w, https:\/\/www.bgamstetten.ac.at\/wp-content\/uploads\/2022\/08\/tt22-11-300x200.jpg 300w, https:\/\/www.bgamstetten.ac.at\/wp-content\/uploads\/2022\/08\/tt22-11-768x512.jpg 768w, https:\/\/www.bgamstetten.ac.at\/wp-content\/uploads\/2022\/08\/tt22-11-580x387.jpg 580w, https:\/\/www.bgamstetten.ac.at\/wp-content\/uploads\/2022\/08\/tt22-11-820x547.jpg 820w\" sizes=\"(max-width: 900px) 100vw, 900px\" \/><\/div><div class=\"item\"><img decoding=\"async\" width=\"900\" height=\"600\" src=\"https:\/\/www.bgamstetten.ac.at\/wp-content\/uploads\/2022\/08\/tt22-05.jpg\" class=\"attachment-full size-full\" alt=\"\" srcset=\"https:\/\/www.bgamstetten.ac.at\/wp-content\/uploads\/2022\/08\/tt22-05.jpg 900w, https:\/\/www.bgamstetten.ac.at\/wp-content\/uploads\/2022\/08\/tt22-05-300x200.jpg 300w, https:\/\/www.bgamstetten.ac.at\/wp-content\/uploads\/2022\/08\/tt22-05-768x512.jpg 768w, https:\/\/www.bgamstetten.ac.at\/wp-content\/uploads\/2022\/08\/tt22-05-580x387.jpg 580w, https:\/\/www.bgamstetten.ac.at\/wp-content\/uploads\/2022\/08\/tt22-05-820x547.jpg 820w\" sizes=\"(max-width: 900px) 100vw, 900px\" \/><\/div><div class=\"item\"><img decoding=\"async\" width=\"900\" height=\"600\" src=\"https:\/\/www.bgamstetten.ac.at\/wp-content\/uploads\/2022\/08\/tt22-09.jpg\" class=\"attachment-full size-full\" alt=\"\" srcset=\"https:\/\/www.bgamstetten.ac.at\/wp-content\/uploads\/2022\/08\/tt22-09.jpg 900w, https:\/\/www.bgamstetten.ac.at\/wp-content\/uploads\/2022\/08\/tt22-09-300x200.jpg 300w, https:\/\/www.bgamstetten.ac.at\/wp-content\/uploads\/2022\/08\/tt22-09-768x512.jpg 768w, https:\/\/www.bgamstetten.ac.at\/wp-content\/uploads\/2022\/08\/tt22-09-580x387.jpg 580w, https:\/\/www.bgamstetten.ac.at\/wp-content\/uploads\/2022\/08\/tt22-09-820x547.jpg 820w\" sizes=\"(max-width: 900px) 100vw, 900px\" \/><\/div><\/div>\n<\/div>\n\n<\/div>\n<div class=\"rightdiv\">\n<p>Die unverbindliche \u00dcbung <strong>Tischtennis<\/strong> wird f\u00fcr Sch\u00fclerinnen und Sch\u00fcler der <strong>1.-8. Klassen<\/strong> angeboten und findet je nach Anmeldungen einmal pro Woche oder 14-t\u00e4gig f\u00fcr 2 Einheiten statt.<\/p>\n<p>Termin jeweils Montag, 13:30-15:10 Uhr.<\/p>\n<p>Im Vordergrund steht der <strong>spielerische Charakter des Tischtennisspiels<\/strong>, sodass <strong>Freude und Spa\u00df nicht zu kurz kommen<\/strong>.<\/p>\n<p>Dabei werden auch <strong>technische und taktische Fertigkeiten<\/strong> sowohl f\u00fcr <strong>Anf\u00e4nger<\/strong> als auch <strong>Fortgeschrittene<\/strong> ge\u00fcbt und trainiert.<\/p>\n<p>Aufgrund einer <strong>Kooperation mit dem N\u00d6 Tischtennisverband<\/strong> wird der <strong>staatlich gepr\u00fcfte Tischtennistrainer Josef Prigl<\/strong> manchmal bei der Unverbindlichen \u00dcbung dabei sein.<\/p>\n<p>F\u00fcr Interessierte besteht au\u00dferdem die M\u00f6glichkeit, ins <strong>Vereinstraining des ESV Tischtennis Amstetten<\/strong> hineinzuschnuppern.<\/p>\n<p>Weitere Details gibt es beim <strong>\u00dcbungsleiter MMag. Matthias Haslauer<\/strong>.\n<\/div>\n","protected":false},"excerpt":{"rendered":"<p>Die unverbindliche \u00dcbung Tischtennis wird f\u00fcr Sch\u00fclerinnen und Sch\u00fcler der 1.-8. Klassen angeboten und findet je nach Anmeldungen einmal pro Woche oder 14-t\u00e4gig f\u00fcr 2 Einheiten statt. Termin jeweils Montag, 13:30-15:10 Uhr. Im Vordergrund steht der spielerische Charakter des Tischtennisspiels, sodass Freude und Spa\u00df nicht zu kurz kommen. Dabei werden auch technische und taktische Fertigkeiten&#8230;<\/p>\n","protected":false},"author":1,"featured_media":0,"parent":471,"menu_order":0,"comment_status":"closed","ping_status":"closed","template":"","meta":{"footnotes":""},"class_list":["post-51073","page","type-page","status-publish","hentry"],"_links":{"self":[{"href":"https:\/\/www.bgamstetten.ac.at\/index.php\/wp-json\/wp\/v2\/pages\/51073","targetHints":{"allow":["GET"]}}],"collection":[{"href":"https:\/\/www.bgamstetten.ac.at\/index.php\/wp-json\/wp\/v2\/pages"}],"about":[{"href":"https:\/\/www.bgamstetten.ac.at\/index.php\/wp-json\/wp\/v2\/types\/page"}],"author":[{"embeddable":true,"href":"https:\/\/www.bgamstetten.ac.at\/index.php\/wp-json\/wp\/v2\/users\/1"}],"replies":[{"embeddable":true,"href":"https:\/\/www.bgamstetten.ac.at\/index.php\/wp-json\/wp\/v2\/comments?post=51073"}],"version-history":[{"count":2,"href":"https:\/\/www.bgamstetten.ac.at\/index.php\/wp-json\/wp\/v2\/pages\/51073\/revisions"}],"predecessor-version":[{"id":51191,"href":"https:\/\/www.bgamstetten.ac.at\/index.php\/wp-json\/wp\/v2\/pages\/51073\/revisions\/51191"}],"up":[{"embeddable":true,"href":"https:\/\/www.bgamstetten.ac.at\/index.php\/wp-json\/wp\/v2\/pages\/471"}],"wp:attachment":[{"href":"https:\/\/www.bgamstetten.ac.at\/index.php\/wp-json\/wp\/v2\/media?parent=51073"}],"curies":[{"name":"wp","href":"https:\/\/api.w.org\/{rel}","templated":true}]}}

<style type="text/css"></style><div class="maindiv">
<div class="leftdiv">
<div class="content_slider_wrap" style="max-width:px;">
<script type="text/javascript">jQuery(document).ready(function () { jQuery("#cmsms_slider_69f462ed960f2.content_slider").owlCarousel( { singleItem : true, transitionStyle: false, rewindSpeed : 1000, slideSpeed : 600, autoHeight : true, paginationSpeed : 	600, autoPlay : 5000,stopOnHover: true, navigationText : 	[ "<span class=\"cmsms_prev_arrow\"></span>", "<span class=\"cmsms_next_arrow\"></span>" ] } );} );</script>
<div id="cmsms_slider_69f462ed960f2" class="content_slider owl-carousel">
<div class="item"><img decoding="async" width="800" height="454" src="https://www.bgamstetten.ac.at/wp-content/uploads/2022/08/tt22-bb.jpg" class="attachment-full size-full" alt="" srcset="https://www.bgamstetten.ac.at/wp-content/uploads/2022/08/tt22-bb.jpg 800w, https://www.bgamstetten.ac.at/wp-content/uploads/2022/08/tt22-bb-300x170.jpg 300w, https://www.bgamstetten.ac.at/wp-content/uploads/2022/08/tt22-bb-768x436.jpg 768w, https://www.bgamstetten.ac.at/wp-content/uploads/2022/08/tt22-bb-580x329.jpg 580w" sizes="(max-width: 800px) 100vw, 800px" /></div><div class="item"><img decoding="async" width="900" height="600" src="https://www.bgamstetten.ac.at/wp-content/uploads/2022/08/tt22-17.jpg" class="attachment-full size-full" alt="" srcset="https://www.bgamstetten.ac.at/wp-content/uploads/2022/08/tt22-17.jpg 900w, https://www.bgamstetten.ac.at/wp-content/uploads/2022/08/tt22-17-300x200.jpg 300w, https://www.bgamstetten.ac.at/wp-content/uploads/2022/08/tt22-17-768x512.jpg 768w, https://www.bgamstetten.ac.at/wp-content/uploads/2022/08/tt22-17-580x387.jpg 580w, https://www.bgamstetten.ac.at/wp-content/uploads/2022/08/tt22-17-820x547.jpg 820w" sizes="(max-width: 900px) 100vw, 900px" /></div><div class="item"><img decoding="async" width="900" height="600" src="https://www.bgamstetten.ac.at/wp-content/uploads/2022/08/tt22-11.jpg" class="attachment-full size-full" alt="" srcset="https://www.bgamstetten.ac.at/wp-content/uploads/2022/08/tt22-11.jpg 900w, https://www.bgamstetten.ac.at/wp-content/uploads/2022/08/tt22-11-300x200.jpg 300w, https://www.bgamstetten.ac.at/wp-content/uploads/2022/08/tt22-11-768x512.jpg 768w, https://www.bgamstetten.ac.at/wp-content/uploads/2022/08/tt22-11-580x387.jpg 580w, https://www.bgamstetten.ac.at/wp-content/uploads/2022/08/tt22-11-820x547.jpg 820w" sizes="(max-width: 900px) 100vw, 900px" /></div><div class="item"><img decoding="async" width="900" height="600" src="https://www.bgamstetten.ac.at/wp-content/uploads/2022/08/tt22-05.jpg" class="attachment-full size-full" alt="" srcset="https://www.bgamstetten.ac.at/wp-content/uploads/2022/08/tt22-05.jpg 900w, https://www.bgamstetten.ac.at/wp-content/uploads/2022/08/tt22-05-300x200.jpg 300w, https://www.bgamstetten.ac.at/wp-content/uploads/2022/08/tt22-05-768x512.jpg 768w, https://www.bgamstetten.ac.at/wp-content/uploads/2022/08/tt22-05-580x387.jpg 580w, https://www.bgamstetten.ac.at/wp-content/uploads/2022/08/tt22-05-820x547.jpg 820w" sizes="(max-width: 900px) 100vw, 900px" /></div><div class="item"><img decoding="async" width="900" height="600" src="https://www.bgamstetten.ac.at/wp-content/uploads/2022/08/tt22-09.jpg" class="attachment-full size-full" alt="" srcset="https://www.bgamstetten.ac.at/wp-content/uploads/2022/08/tt22-09.jpg 900w, https://www.bgamstetten.ac.at/wp-content/uploads/2022/08/tt22-09-300x200.jpg 300w, https://www.bgamstetten.ac.at/wp-content/uploads/2022/08/tt22-09-768x512.jpg 768w, https://www.bgamstetten.ac.at/wp-content/uploads/2022/08/tt22-09-580x387.jpg 580w, https://www.bgamstetten.ac.at/wp-content/uploads/2022/08/tt22-09-820x547.jpg 820w" sizes="(max-width: 900px) 100vw, 900px" /></div></div>
</div>

</div>
<div class="rightdiv">
<p>Die unverbindliche Übung <strong>Tischtennis</strong> wird für Schülerinnen und Schüler der <strong>1.-8. Klassen</strong> angeboten und findet je nach Anmeldungen einmal pro Woche oder 14-tägig für 2 Einheiten statt.</p>
<p>Termin jeweils Montag, 13:30-15:10 Uhr.</p>
<p>Im Vordergrund steht der <strong>spielerische Charakter des Tischtennisspiels</strong>, sodass <strong>Freude und Spaß nicht zu kurz kommen</strong>.</p>
<p>Dabei werden auch <strong>technische und taktische Fertigkeiten</strong> sowohl für <strong>Anfänger</strong> als auch <strong>Fortgeschrittene</strong> geübt und trainiert.</p>
<p>Aufgrund einer <strong>Kooperation mit dem NÖ Tischtennisverband</strong> wird der <strong>staatlich geprüfte Tischtennistrainer Josef Prigl</strong> manchmal bei der Unverbindlichen Übung dabei sein.</p>
<p>Für Interessierte besteht außerdem die Möglichkeit, ins <strong>Vereinstraining des ESV Tischtennis Amstetten</strong> hineinzuschnuppern.</p>
<p>Weitere Details gibt es beim <strong>Übungsleiter MMag. Matthias Haslauer</strong>.
</div>

<p>Die unverbindliche Übung Tischtennis wird für Schülerinnen und Schüler der 1.-8. Klassen angeboten und findet je nach Anmeldungen einmal pro Woche oder 14-tägig für 2 Einheiten statt. Termin jeweils Montag, 13:30-15:10 Uhr. Im Vordergrund steht der spielerische Charakter des Tischtennisspiels, sodass Freude und Spaß nicht zu kurz kommen. Dabei werden auch technische und taktische Fertigkeiten&#8230;</p>
