{"id":51067,"date":"2022-08-11T10:06:09","date_gmt":"2022-08-11T08:06:09","guid":{"rendered":"https:\/\/www.bgamstetten.ac.at\/?page_id=51067"},"modified":"2022-08-13T11:44:45","modified_gmt":"2022-08-13T09:44:45","slug":"forschen","status":"publish","type":"page","link":"https:\/\/www.bgamstetten.ac.at\/index.php\/ausbildung\/unverbindliche-uebungen\/forschen\/","title":{"rendered":"Forschen"},"content":{"rendered":"<style type=\"text\/css\"><\/style><div class=\"maindiv\">\n<div class=\"leftdiv\"><div class=\"content_slider_wrap\" style=\"max-width:px;\">\n<script type=\"text\/javascript\">jQuery(document).ready(function () { jQuery(\"#cmsms_slider_69e1c4c94e5f9.content_slider\").owlCarousel( { singleItem : true, transitionStyle: false, rewindSpeed : 1000, slideSpeed : 600, autoHeight : true, paginationSpeed : \t600, autoPlay : 5000,stopOnHover: true, navigationText : \t[ \"<span class=\\\"cmsms_prev_arrow\\\"><\/span>\", \"<span class=\\\"cmsms_next_arrow\\\"><\/span>\" ] } );} );<\/script>\n<div id=\"cmsms_slider_69e1c4c94e5f9\" class=\"content_slider owl-carousel\">\n<div class=\"item\"><img decoding=\"async\" width=\"1000\" height=\"667\" src=\"https:\/\/www.bgamstetten.ac.at\/wp-content\/uploads\/2022\/08\/2019_05_03_LW_CHOL_034.jpg\" class=\"attachment-full size-full\" alt=\"\" srcset=\"https:\/\/www.bgamstetten.ac.at\/wp-content\/uploads\/2022\/08\/2019_05_03_LW_CHOL_034.jpg 1000w, https:\/\/www.bgamstetten.ac.at\/wp-content\/uploads\/2022\/08\/2019_05_03_LW_CHOL_034-300x200.jpg 300w, https:\/\/www.bgamstetten.ac.at\/wp-content\/uploads\/2022\/08\/2019_05_03_LW_CHOL_034-768x512.jpg 768w, https:\/\/www.bgamstetten.ac.at\/wp-content\/uploads\/2022\/08\/2019_05_03_LW_CHOL_034-580x387.jpg 580w, https:\/\/www.bgamstetten.ac.at\/wp-content\/uploads\/2022\/08\/2019_05_03_LW_CHOL_034-820x547.jpg 820w\" sizes=\"(max-width: 1000px) 100vw, 1000px\" \/><\/div><div class=\"item\"><img decoding=\"async\" width=\"1000\" height=\"563\" src=\"https:\/\/www.bgamstetten.ac.at\/wp-content\/uploads\/2022\/08\/2019_05_03_LW_CHOL_036.jpg\" class=\"attachment-full size-full\" alt=\"\" srcset=\"https:\/\/www.bgamstetten.ac.at\/wp-content\/uploads\/2022\/08\/2019_05_03_LW_CHOL_036.jpg 1000w, https:\/\/www.bgamstetten.ac.at\/wp-content\/uploads\/2022\/08\/2019_05_03_LW_CHOL_036-300x169.jpg 300w, https:\/\/www.bgamstetten.ac.at\/wp-content\/uploads\/2022\/08\/2019_05_03_LW_CHOL_036-768x432.jpg 768w, https:\/\/www.bgamstetten.ac.at\/wp-content\/uploads\/2022\/08\/2019_05_03_LW_CHOL_036-580x327.jpg 580w, https:\/\/www.bgamstetten.ac.at\/wp-content\/uploads\/2022\/08\/2019_05_03_LW_CHOL_036-820x462.jpg 820w\" sizes=\"(max-width: 1000px) 100vw, 1000px\" \/><\/div><div class=\"item\"><img decoding=\"async\" width=\"563\" height=\"1000\" src=\"https:\/\/www.bgamstetten.ac.at\/wp-content\/uploads\/2022\/08\/2019_05_03_LW_CHOL_035.jpg\" class=\"attachment-full size-full\" alt=\"\" srcset=\"https:\/\/www.bgamstetten.ac.at\/wp-content\/uploads\/2022\/08\/2019_05_03_LW_CHOL_035.jpg 563w, https:\/\/www.bgamstetten.ac.at\/wp-content\/uploads\/2022\/08\/2019_05_03_LW_CHOL_035-169x300.jpg 169w\" sizes=\"(max-width: 563px) 100vw, 563px\" \/><\/div><div class=\"item\"><img decoding=\"async\" width=\"1000\" height=\"667\" src=\"https:\/\/www.bgamstetten.ac.at\/wp-content\/uploads\/2022\/08\/IMG_7033.jpg\" class=\"attachment-full size-full\" alt=\"\" srcset=\"https:\/\/www.bgamstetten.ac.at\/wp-content\/uploads\/2022\/08\/IMG_7033.jpg 1000w, https:\/\/www.bgamstetten.ac.at\/wp-content\/uploads\/2022\/08\/IMG_7033-300x200.jpg 300w, https:\/\/www.bgamstetten.ac.at\/wp-content\/uploads\/2022\/08\/IMG_7033-768x512.jpg 768w, https:\/\/www.bgamstetten.ac.at\/wp-content\/uploads\/2022\/08\/IMG_7033-580x387.jpg 580w, https:\/\/www.bgamstetten.ac.at\/wp-content\/uploads\/2022\/08\/IMG_7033-820x547.jpg 820w\" sizes=\"(max-width: 1000px) 100vw, 1000px\" \/><\/div><div class=\"item\"><img decoding=\"async\" width=\"1000\" height=\"667\" src=\"https:\/\/www.bgamstetten.ac.at\/wp-content\/uploads\/2022\/08\/2019_05_03_LW_CHOL_042.jpg\" class=\"attachment-full size-full\" alt=\"\" srcset=\"https:\/\/www.bgamstetten.ac.at\/wp-content\/uploads\/2022\/08\/2019_05_03_LW_CHOL_042.jpg 1000w, https:\/\/www.bgamstetten.ac.at\/wp-content\/uploads\/2022\/08\/2019_05_03_LW_CHOL_042-300x200.jpg 300w, https:\/\/www.bgamstetten.ac.at\/wp-content\/uploads\/2022\/08\/2019_05_03_LW_CHOL_042-768x512.jpg 768w, https:\/\/www.bgamstetten.ac.at\/wp-content\/uploads\/2022\/08\/2019_05_03_LW_CHOL_042-580x387.jpg 580w, https:\/\/www.bgamstetten.ac.at\/wp-content\/uploads\/2022\/08\/2019_05_03_LW_CHOL_042-820x547.jpg 820w\" sizes=\"(max-width: 1000px) 100vw, 1000px\" \/><\/div><div class=\"item\"><img decoding=\"async\" width=\"1000\" height=\"667\" src=\"https:\/\/www.bgamstetten.ac.at\/wp-content\/uploads\/2022\/08\/IMG_6967.jpg\" class=\"attachment-full size-full\" alt=\"\" srcset=\"https:\/\/www.bgamstetten.ac.at\/wp-content\/uploads\/2022\/08\/IMG_6967.jpg 1000w, https:\/\/www.bgamstetten.ac.at\/wp-content\/uploads\/2022\/08\/IMG_6967-300x200.jpg 300w, https:\/\/www.bgamstetten.ac.at\/wp-content\/uploads\/2022\/08\/IMG_6967-768x512.jpg 768w, https:\/\/www.bgamstetten.ac.at\/wp-content\/uploads\/2022\/08\/IMG_6967-580x387.jpg 580w, https:\/\/www.bgamstetten.ac.at\/wp-content\/uploads\/2022\/08\/IMG_6967-820x547.jpg 820w\" sizes=\"(max-width: 1000px) 100vw, 1000px\" \/><\/div><div class=\"item\"><img decoding=\"async\" width=\"820\" height=\"547\" src=\"https:\/\/www.bgamstetten.ac.at\/wp-content\/uploads\/2022\/08\/IMG_6987-820x547-1.jpg\" class=\"attachment-full size-full\" alt=\"\" srcset=\"https:\/\/www.bgamstetten.ac.at\/wp-content\/uploads\/2022\/08\/IMG_6987-820x547-1.jpg 820w, https:\/\/www.bgamstetten.ac.at\/wp-content\/uploads\/2022\/08\/IMG_6987-820x547-1-300x200.jpg 300w, https:\/\/www.bgamstetten.ac.at\/wp-content\/uploads\/2022\/08\/IMG_6987-820x547-1-768x512.jpg 768w, https:\/\/www.bgamstetten.ac.at\/wp-content\/uploads\/2022\/08\/IMG_6987-820x547-1-580x387.jpg 580w\" sizes=\"(max-width: 820px) 100vw, 820px\" \/><\/div><\/div>\n<\/div>\n<\/div>\n<div class=\"rightdiv\">\nJede Menge spannende <strong>Forscheraufgaben aus Biologie, Chemie und Physik<\/strong> erwarten die TeilnehmerInnen der <strong>2. bis 4. Klasse<\/strong> in dieser unverbindlichen \u00dcbung.<\/p>\n<p>Im Vordergrund stehen <strong>Experimente<\/strong>, die die Sch\u00fclerInnen nach Anweisungen selbst durchf\u00fchren.<\/p>\n<p>Eine kleine Auswahl an m\u00f6glichen Themen werden im Folgenden genannt: <strong>Identifizierung von Stoffen, L\u00f6sen eines Kriminalfalls durch Auswertung von Spuren, Showexperimente wie \u201eGummib\u00e4rchenkrematorium\u201c<\/strong> oder <strong>\u201eElefantenzahnpasta\u201c<\/strong>, usw.<\/p>\n<p>Im letzten Schuljahr waren die <strong>Experimente mit fl\u00fcssigem Stickstoff<\/strong> sicher ein <strong>Highlight<\/strong>. Voraussetzungen: <strong>viel Neugier<\/strong> und <strong>manchmal etwas Geduld beim Beobachten<\/strong>.<\/p>\n<p>Je nach Anmeldezahlen wird einmal pro Woche 2 Einheiten experimentiert oder jede 2. Woche 2 Einheiten.\n<\/p><\/div>\n<\/div>\n","protected":false},"excerpt":{"rendered":"<p>Jede Menge spannende Forscheraufgaben aus Biologie, Chemie und Physik erwarten die TeilnehmerInnen der 2. bis 4. Klasse in dieser unverbindlichen \u00dcbung. Im Vordergrund stehen Experimente, die die Sch\u00fclerInnen nach Anweisungen selbst durchf\u00fchren. Eine kleine Auswahl an m\u00f6glichen Themen werden im Folgenden genannt: Identifizierung von Stoffen, L\u00f6sen eines Kriminalfalls durch Auswertung von Spuren, Showexperimente wie \u201eGummib\u00e4rchenkrematorium\u201c&#8230;<\/p>\n","protected":false},"author":1,"featured_media":0,"parent":471,"menu_order":0,"comment_status":"closed","ping_status":"closed","template":"","meta":{"footnotes":""},"class_list":["post-51067","page","type-page","status-publish","hentry"],"_links":{"self":[{"href":"https:\/\/www.bgamstetten.ac.at\/index.php\/wp-json\/wp\/v2\/pages\/51067","targetHints":{"allow":["GET"]}}],"collection":[{"href":"https:\/\/www.bgamstetten.ac.at\/index.php\/wp-json\/wp\/v2\/pages"}],"about":[{"href":"https:\/\/www.bgamstetten.ac.at\/index.php\/wp-json\/wp\/v2\/types\/page"}],"author":[{"embeddable":true,"href":"https:\/\/www.bgamstetten.ac.at\/index.php\/wp-json\/wp\/v2\/users\/1"}],"replies":[{"embeddable":true,"href":"https:\/\/www.bgamstetten.ac.at\/index.php\/wp-json\/wp\/v2\/comments?post=51067"}],"version-history":[{"count":3,"href":"https:\/\/www.bgamstetten.ac.at\/index.php\/wp-json\/wp\/v2\/pages\/51067\/revisions"}],"predecessor-version":[{"id":51190,"href":"https:\/\/www.bgamstetten.ac.at\/index.php\/wp-json\/wp\/v2\/pages\/51067\/revisions\/51190"}],"up":[{"embeddable":true,"href":"https:\/\/www.bgamstetten.ac.at\/index.php\/wp-json\/wp\/v2\/pages\/471"}],"wp:attachment":[{"href":"https:\/\/www.bgamstetten.ac.at\/index.php\/wp-json\/wp\/v2\/media?parent=51067"}],"curies":[{"name":"wp","href":"https:\/\/api.w.org\/{rel}","templated":true}]}}