{"id":51055,"date":"2022-08-11T09:56:46","date_gmt":"2022-08-11T07:56:46","guid":{"rendered":"https:\/\/www.bgamstetten.ac.at\/?page_id=51055"},"modified":"2024-10-15T16:59:02","modified_gmt":"2024-10-15T14:59:02","slug":"chor","status":"publish","type":"page","link":"https:\/\/www.bgamstetten.ac.at\/index.php\/ausbildung\/unverbindliche-uebungen\/chor\/","title":{"rendered":"Chor"},"content":{"rendered":"<style type=\"text\/css\"><\/style><div class=\"maindiv\">\n<div class=\"leftdiv\"><div class=\"content_slider_wrap\" style=\"max-width:px;\">\n<script type=\"text\/javascript\">jQuery(document).ready(function () { jQuery(\"#cmsms_slider_6a0878fa24a35.content_slider\").owlCarousel( { singleItem : true, transitionStyle: false, rewindSpeed : 1000, slideSpeed : 600, autoHeight : true, paginationSpeed : \t600, autoPlay : 5000,stopOnHover: true, navigationText : \t[ \"<span class=\\\"cmsms_prev_arrow\\\"><\/span>\", \"<span class=\\\"cmsms_next_arrow\\\"><\/span>\" ] } );} );<\/script>\n<div id=\"cmsms_slider_6a0878fa24a35\" class=\"content_slider owl-carousel\">\n<div class=\"item\"><img decoding=\"async\" width=\"820\" height=\"490\" src=\"https:\/\/www.bgamstetten.ac.at\/wp-content\/uploads\/2022\/08\/13483117_1087730767930093_3116241129247575149_o-820x490-1.jpg\" class=\"attachment-full size-full\" alt=\"\" srcset=\"https:\/\/www.bgamstetten.ac.at\/wp-content\/uploads\/2022\/08\/13483117_1087730767930093_3116241129247575149_o-820x490-1.jpg 820w, https:\/\/www.bgamstetten.ac.at\/wp-content\/uploads\/2022\/08\/13483117_1087730767930093_3116241129247575149_o-820x490-1-300x179.jpg 300w, https:\/\/www.bgamstetten.ac.at\/wp-content\/uploads\/2022\/08\/13483117_1087730767930093_3116241129247575149_o-820x490-1-768x459.jpg 768w, https:\/\/www.bgamstetten.ac.at\/wp-content\/uploads\/2022\/08\/13483117_1087730767930093_3116241129247575149_o-820x490-1-580x347.jpg 580w\" sizes=\"(max-width: 820px) 100vw, 820px\" \/><\/div><div class=\"item\"><img decoding=\"async\" width=\"2560\" height=\"1435\" src=\"https:\/\/www.bgamstetten.ac.at\/wp-content\/uploads\/2022\/08\/DSC4329-scaled.jpg\" class=\"attachment-full size-full\" alt=\"\" srcset=\"https:\/\/www.bgamstetten.ac.at\/wp-content\/uploads\/2022\/08\/DSC4329-scaled.jpg 2560w, https:\/\/www.bgamstetten.ac.at\/wp-content\/uploads\/2022\/08\/DSC4329-300x168.jpg 300w, https:\/\/www.bgamstetten.ac.at\/wp-content\/uploads\/2022\/08\/DSC4329-1024x574.jpg 1024w, https:\/\/www.bgamstetten.ac.at\/wp-content\/uploads\/2022\/08\/DSC4329-768x430.jpg 768w, https:\/\/www.bgamstetten.ac.at\/wp-content\/uploads\/2022\/08\/DSC4329-1536x861.jpg 1536w, https:\/\/www.bgamstetten.ac.at\/wp-content\/uploads\/2022\/08\/DSC4329-2048x1148.jpg 2048w, https:\/\/www.bgamstetten.ac.at\/wp-content\/uploads\/2022\/08\/DSC4329-580x325.jpg 580w, https:\/\/www.bgamstetten.ac.at\/wp-content\/uploads\/2022\/08\/DSC4329-820x460.jpg 820w, https:\/\/www.bgamstetten.ac.at\/wp-content\/uploads\/2022\/08\/DSC4329-1160x650.jpg 1160w\" sizes=\"(max-width: 2560px) 100vw, 2560px\" \/><\/div><div class=\"item\"><img decoding=\"async\" width=\"820\" height=\"490\" src=\"https:\/\/www.bgamstetten.ac.at\/wp-content\/uploads\/2022\/08\/13416867_1087730257930144_712152401560138000_o-820x490-1.jpg\" class=\"attachment-full size-full\" alt=\"\" srcset=\"https:\/\/www.bgamstetten.ac.at\/wp-content\/uploads\/2022\/08\/13416867_1087730257930144_712152401560138000_o-820x490-1.jpg 820w, https:\/\/www.bgamstetten.ac.at\/wp-content\/uploads\/2022\/08\/13416867_1087730257930144_712152401560138000_o-820x490-1-300x179.jpg 300w, https:\/\/www.bgamstetten.ac.at\/wp-content\/uploads\/2022\/08\/13416867_1087730257930144_712152401560138000_o-820x490-1-768x459.jpg 768w, https:\/\/www.bgamstetten.ac.at\/wp-content\/uploads\/2022\/08\/13416867_1087730257930144_712152401560138000_o-820x490-1-580x347.jpg 580w\" sizes=\"(max-width: 820px) 100vw, 820px\" \/><\/div><div class=\"item\"><img decoding=\"async\" width=\"2560\" height=\"1435\" src=\"https:\/\/www.bgamstetten.ac.at\/wp-content\/uploads\/2022\/08\/DSC4227-scaled.jpg\" class=\"attachment-full size-full\" alt=\"\" srcset=\"https:\/\/www.bgamstetten.ac.at\/wp-content\/uploads\/2022\/08\/DSC4227-scaled.jpg 2560w, https:\/\/www.bgamstetten.ac.at\/wp-content\/uploads\/2022\/08\/DSC4227-300x168.jpg 300w, https:\/\/www.bgamstetten.ac.at\/wp-content\/uploads\/2022\/08\/DSC4227-1024x574.jpg 1024w, https:\/\/www.bgamstetten.ac.at\/wp-content\/uploads\/2022\/08\/DSC4227-768x430.jpg 768w, https:\/\/www.bgamstetten.ac.at\/wp-content\/uploads\/2022\/08\/DSC4227-1536x861.jpg 1536w, https:\/\/www.bgamstetten.ac.at\/wp-content\/uploads\/2022\/08\/DSC4227-2048x1148.jpg 2048w, https:\/\/www.bgamstetten.ac.at\/wp-content\/uploads\/2022\/08\/DSC4227-580x325.jpg 580w, https:\/\/www.bgamstetten.ac.at\/wp-content\/uploads\/2022\/08\/DSC4227-820x460.jpg 820w, https:\/\/www.bgamstetten.ac.at\/wp-content\/uploads\/2022\/08\/DSC4227-1160x650.jpg 1160w\" sizes=\"(max-width: 2560px) 100vw, 2560px\" \/><\/div><div class=\"item\"><img decoding=\"async\" width=\"2560\" height=\"1435\" src=\"https:\/\/www.bgamstetten.ac.at\/wp-content\/uploads\/2022\/08\/DSC4327-scaled.jpg\" class=\"attachment-full size-full\" alt=\"\" srcset=\"https:\/\/www.bgamstetten.ac.at\/wp-content\/uploads\/2022\/08\/DSC4327-scaled.jpg 2560w, https:\/\/www.bgamstetten.ac.at\/wp-content\/uploads\/2022\/08\/DSC4327-300x168.jpg 300w, https:\/\/www.bgamstetten.ac.at\/wp-content\/uploads\/2022\/08\/DSC4327-1024x574.jpg 1024w, https:\/\/www.bgamstetten.ac.at\/wp-content\/uploads\/2022\/08\/DSC4327-768x430.jpg 768w, https:\/\/www.bgamstetten.ac.at\/wp-content\/uploads\/2022\/08\/DSC4327-1536x861.jpg 1536w, https:\/\/www.bgamstetten.ac.at\/wp-content\/uploads\/2022\/08\/DSC4327-2048x1148.jpg 2048w, https:\/\/www.bgamstetten.ac.at\/wp-content\/uploads\/2022\/08\/DSC4327-580x325.jpg 580w, https:\/\/www.bgamstetten.ac.at\/wp-content\/uploads\/2022\/08\/DSC4327-820x460.jpg 820w, https:\/\/www.bgamstetten.ac.at\/wp-content\/uploads\/2022\/08\/DSC4327-1160x650.jpg 1160w\" sizes=\"(max-width: 2560px) 100vw, 2560px\" \/><\/div><div class=\"item\"><img decoding=\"async\" width=\"2560\" height=\"1435\" src=\"https:\/\/www.bgamstetten.ac.at\/wp-content\/uploads\/2022\/08\/DSC4177-scaled.jpg\" class=\"attachment-full size-full\" alt=\"\" srcset=\"https:\/\/www.bgamstetten.ac.at\/wp-content\/uploads\/2022\/08\/DSC4177-scaled.jpg 2560w, https:\/\/www.bgamstetten.ac.at\/wp-content\/uploads\/2022\/08\/DSC4177-300x168.jpg 300w, https:\/\/www.bgamstetten.ac.at\/wp-content\/uploads\/2022\/08\/DSC4177-1024x574.jpg 1024w, https:\/\/www.bgamstetten.ac.at\/wp-content\/uploads\/2022\/08\/DSC4177-768x430.jpg 768w, https:\/\/www.bgamstetten.ac.at\/wp-content\/uploads\/2022\/08\/DSC4177-1536x861.jpg 1536w, https:\/\/www.bgamstetten.ac.at\/wp-content\/uploads\/2022\/08\/DSC4177-2048x1148.jpg 2048w, https:\/\/www.bgamstetten.ac.at\/wp-content\/uploads\/2022\/08\/DSC4177-580x325.jpg 580w, https:\/\/www.bgamstetten.ac.at\/wp-content\/uploads\/2022\/08\/DSC4177-820x460.jpg 820w, https:\/\/www.bgamstetten.ac.at\/wp-content\/uploads\/2022\/08\/DSC4177-1160x650.jpg 1160w\" sizes=\"(max-width: 2560px) 100vw, 2560px\" \/><\/div><\/div>\n<\/div>\n<div class=\"cmsms_text\">\n<\/div>\n<\/div>\n<div class=\"rightdiv\">Die unverbindliche \u00dcbung <strong>Chor<\/strong> findet heuer im Wintersemester nur geblockt (23 Dienstage) statt. Der erste Block wird am 29. September nachmittags stattfinden.Im zweiten Semester sollte die \u00dcbung dann alle zwei Wochen jeweils am Dienstag stattfinden. In den Proben wird gemeinsam mehrstimmig gesungen, musiziert und das Programm f\u00fcr die Schulkonzerte einstudiert. Im Vordergrund steht das <strong>gemeinsame Singen, Freude an der Musik<\/strong> und das <strong>Erleben der eigenen Stimme<\/strong>, durchaus auch als Solistin oder Solist.<\/p>\n<p><strong>Ohrwurmfaktor<\/strong> ist garantiert, und zwei Stunden intensiver Musik am Nachmittag wirken motivierend auf die ganze restliche Woche.<br \/>\nGeplant sind jedes Schuljahr auch <strong>Probentage<\/strong>, die <strong>au\u00dferhalb der Schule<\/strong> (meistens im <strong>Schacherhof bei Seitenstetten<\/strong>) \u00fcber zwei Tage stattfinden werden, wo wir gemeinsam musizieren, Spiel und Spa\u00df (Werwolfspiel! Lagerfeuer!) erleben werden und an unseren Chorst\u00fccken feilen und hoffentlich mit einem Rucksack voll mit Musik heimkommen werden.<\/p>\n<p>Die U\u00dc Chor steht allen Sch\u00fclerinnen und Sch\u00fclern von der 1. bis zur 8. Klasse offen.<\/p>\n<\/div>\n<\/div>\n","protected":false},"excerpt":{"rendered":"<p>Die unverbindliche \u00dcbung Chor findet heuer im Wintersemester nur geblockt (23 Dienstage) statt. Der erste Block wird am 29. September nachmittags stattfinden.Im zweiten Semester sollte die \u00dcbung dann alle zwei Wochen jeweils am Dienstag stattfinden. In den Proben wird gemeinsam mehrstimmig gesungen, musiziert und das Programm f\u00fcr die Schulkonzerte einstudiert. Im Vordergrund steht das gemeinsame&#8230;<\/p>\n","protected":false},"author":1,"featured_media":0,"parent":471,"menu_order":0,"comment_status":"closed","ping_status":"closed","template":"","meta":{"footnotes":""},"class_list":["post-51055","page","type-page","status-publish","hentry"],"_links":{"self":[{"href":"https:\/\/www.bgamstetten.ac.at\/index.php\/wp-json\/wp\/v2\/pages\/51055","targetHints":{"allow":["GET"]}}],"collection":[{"href":"https:\/\/www.bgamstetten.ac.at\/index.php\/wp-json\/wp\/v2\/pages"}],"about":[{"href":"https:\/\/www.bgamstetten.ac.at\/index.php\/wp-json\/wp\/v2\/types\/page"}],"author":[{"embeddable":true,"href":"https:\/\/www.bgamstetten.ac.at\/index.php\/wp-json\/wp\/v2\/users\/1"}],"replies":[{"embeddable":true,"href":"https:\/\/www.bgamstetten.ac.at\/index.php\/wp-json\/wp\/v2\/comments?post=51055"}],"version-history":[{"count":6,"href":"https:\/\/www.bgamstetten.ac.at\/index.php\/wp-json\/wp\/v2\/pages\/51055\/revisions"}],"predecessor-version":[{"id":56934,"href":"https:\/\/www.bgamstetten.ac.at\/index.php\/wp-json\/wp\/v2\/pages\/51055\/revisions\/56934"}],"up":[{"embeddable":true,"href":"https:\/\/www.bgamstetten.ac.at\/index.php\/wp-json\/wp\/v2\/pages\/471"}],"wp:attachment":[{"href":"https:\/\/www.bgamstetten.ac.at\/index.php\/wp-json\/wp\/v2\/media?parent=51055"}],"curies":[{"name":"wp","href":"https:\/\/api.w.org\/{rel}","templated":true}]}}