{"id":51050,"date":"2022-08-11T09:52:21","date_gmt":"2022-08-11T07:52:21","guid":{"rendered":"https:\/\/www.bgamstetten.ac.at\/?page_id=51050"},"modified":"2022-08-11T10:39:09","modified_gmt":"2022-08-11T08:39:09","slug":"orchester","status":"publish","type":"page","link":"https:\/\/www.bgamstetten.ac.at\/index.php\/ausbildung\/unverbindliche-uebungen\/orchester\/","title":{"rendered":"Orchester"},"content":{"rendered":"<style type=\"text\/css\"><\/style><div class=\"maindiv\">\n<div class=\"leftdiv\">\n<div class=\"content_slider_wrap\" style=\"max-width:px;\">\n<script type=\"text\/javascript\">jQuery(document).ready(function () { jQuery(\"#cmsms_slider_6a091ea595495.content_slider\").owlCarousel( { singleItem : true, transitionStyle: false, rewindSpeed : 1000, slideSpeed : 600, autoHeight : true, paginationSpeed : \t600, autoPlay : 5000,stopOnHover: true, navigationText : \t[ \"<span class=\\\"cmsms_prev_arrow\\\"><\/span>\", \"<span class=\\\"cmsms_next_arrow\\\"><\/span>\" ] } );} );<\/script>\n<div id=\"cmsms_slider_6a091ea595495\" class=\"content_slider owl-carousel\">\n<div class=\"item\"><img decoding=\"async\" width=\"2560\" height=\"1435\" src=\"https:\/\/www.bgamstetten.ac.at\/wp-content\/uploads\/2022\/08\/DSC4315-scaled.jpg\" class=\"attachment-full size-full\" alt=\"\" srcset=\"https:\/\/www.bgamstetten.ac.at\/wp-content\/uploads\/2022\/08\/DSC4315-scaled.jpg 2560w, https:\/\/www.bgamstetten.ac.at\/wp-content\/uploads\/2022\/08\/DSC4315-300x168.jpg 300w, https:\/\/www.bgamstetten.ac.at\/wp-content\/uploads\/2022\/08\/DSC4315-1024x574.jpg 1024w, https:\/\/www.bgamstetten.ac.at\/wp-content\/uploads\/2022\/08\/DSC4315-768x430.jpg 768w, https:\/\/www.bgamstetten.ac.at\/wp-content\/uploads\/2022\/08\/DSC4315-1536x861.jpg 1536w, https:\/\/www.bgamstetten.ac.at\/wp-content\/uploads\/2022\/08\/DSC4315-2048x1148.jpg 2048w, https:\/\/www.bgamstetten.ac.at\/wp-content\/uploads\/2022\/08\/DSC4315-580x325.jpg 580w, https:\/\/www.bgamstetten.ac.at\/wp-content\/uploads\/2022\/08\/DSC4315-820x460.jpg 820w, https:\/\/www.bgamstetten.ac.at\/wp-content\/uploads\/2022\/08\/DSC4315-1160x650.jpg 1160w\" sizes=\"(max-width: 2560px) 100vw, 2560px\" \/><\/div><div class=\"item\"><img decoding=\"async\" width=\"2560\" height=\"1435\" src=\"https:\/\/www.bgamstetten.ac.at\/wp-content\/uploads\/2022\/08\/DSC4329-scaled.jpg\" class=\"attachment-full size-full\" alt=\"\" srcset=\"https:\/\/www.bgamstetten.ac.at\/wp-content\/uploads\/2022\/08\/DSC4329-scaled.jpg 2560w, https:\/\/www.bgamstetten.ac.at\/wp-content\/uploads\/2022\/08\/DSC4329-300x168.jpg 300w, https:\/\/www.bgamstetten.ac.at\/wp-content\/uploads\/2022\/08\/DSC4329-1024x574.jpg 1024w, https:\/\/www.bgamstetten.ac.at\/wp-content\/uploads\/2022\/08\/DSC4329-768x430.jpg 768w, https:\/\/www.bgamstetten.ac.at\/wp-content\/uploads\/2022\/08\/DSC4329-1536x861.jpg 1536w, https:\/\/www.bgamstetten.ac.at\/wp-content\/uploads\/2022\/08\/DSC4329-2048x1148.jpg 2048w, https:\/\/www.bgamstetten.ac.at\/wp-content\/uploads\/2022\/08\/DSC4329-580x325.jpg 580w, https:\/\/www.bgamstetten.ac.at\/wp-content\/uploads\/2022\/08\/DSC4329-820x460.jpg 820w, https:\/\/www.bgamstetten.ac.at\/wp-content\/uploads\/2022\/08\/DSC4329-1160x650.jpg 1160w\" sizes=\"(max-width: 2560px) 100vw, 2560px\" \/><\/div><div class=\"item\"><img decoding=\"async\" width=\"2560\" height=\"1435\" src=\"https:\/\/www.bgamstetten.ac.at\/wp-content\/uploads\/2022\/08\/DSC4443-scaled.jpg\" class=\"attachment-full size-full\" alt=\"\" srcset=\"https:\/\/www.bgamstetten.ac.at\/wp-content\/uploads\/2022\/08\/DSC4443-scaled.jpg 2560w, https:\/\/www.bgamstetten.ac.at\/wp-content\/uploads\/2022\/08\/DSC4443-300x168.jpg 300w, https:\/\/www.bgamstetten.ac.at\/wp-content\/uploads\/2022\/08\/DSC4443-1024x574.jpg 1024w, https:\/\/www.bgamstetten.ac.at\/wp-content\/uploads\/2022\/08\/DSC4443-768x430.jpg 768w, https:\/\/www.bgamstetten.ac.at\/wp-content\/uploads\/2022\/08\/DSC4443-1536x861.jpg 1536w, https:\/\/www.bgamstetten.ac.at\/wp-content\/uploads\/2022\/08\/DSC4443-2048x1148.jpg 2048w, https:\/\/www.bgamstetten.ac.at\/wp-content\/uploads\/2022\/08\/DSC4443-580x325.jpg 580w, https:\/\/www.bgamstetten.ac.at\/wp-content\/uploads\/2022\/08\/DSC4443-820x460.jpg 820w, https:\/\/www.bgamstetten.ac.at\/wp-content\/uploads\/2022\/08\/DSC4443-1160x650.jpg 1160w\" sizes=\"(max-width: 2560px) 100vw, 2560px\" \/><\/div><\/div>\n<\/div>\n\n<\/div>\n<div class=\"rightdiv\">\nDas <strong>BG\/BRG Amstetten<\/strong> hat eine <strong>langj\u00e4hrige Tradition<\/strong> als ein <strong>Zentrum f\u00fcr musikalische <\/strong><strong>Nachwuchsarbeit<\/strong> in Form von <strong>Chor, Ensemble und Orchestermusik<\/strong> und tr\u00e4gt einen nicht unwesentlichen Teil zur Tatsache, dass es vor allem um den Orchesternachwuchs in Amstetten derzeit relativ gut bestellt ist, bei.<\/p>\n<p>Das Orchester des BG\/BRG Amstetten besteht aus ca. <strong>60 hauseigenen MusikerInnen<\/strong> der <strong>Schulgemeinschaft (bestehend aus Sch\u00fclerInnen, AbsolventInnen, Eltern und ProfessorInnen unserer Schule<\/strong>; f\u00fcr Gro\u00dfveranstaltungen manchmal verst\u00e4rkt durch einzelne G\u00e4ste), die mit ihrem musikalischen Leiter <strong>Dr. Thomas Schnabel<\/strong> f\u00fcr Einzelprojekte zum Proben zusammenkommen.<\/p>\n<p><strong> Regelm\u00e4\u00dfige Veranstaltungen<\/strong> sind der <strong>Schulball<\/strong> (mit einem umfangreichen, symphonischen Tanzprogramm) sowie das <strong>allj\u00e4hrliche Absolventenkonzert<\/strong>, das nicht nur den jungen MusikerInnen unserer Schule eine Auftrittsm\u00f6glichkeit bietet, sondern auch ein Beleg ist, dass viele AbsolventInnen des BG\/BRG Amstetten in ihrer Berufslaufbahn eine musikalische Richtung eingeschlagen haben.<\/p>\n<p>Weiters gibt es das <strong>Weihnachtskonzert<\/strong> sowie im Juni ein <strong>Schulabschlusskonzert<\/strong>. 12 Wochen vor der Veranstaltung finden jeweils die Proben (<strong>34 Stunden pro Projekt<\/strong> vorwiegend w\u00e4hrend des <strong>Vormittagsunterrichts<\/strong>) statt. (Alle Orchesterinstrumente; Klavier\/Gitarre\/Akkordeon, etc. nur begrenzt m\u00f6glich)\n<\/div>\n<\/div>\n","protected":false},"excerpt":{"rendered":"<p>Das BG\/BRG Amstetten hat eine langj\u00e4hrige Tradition als ein Zentrum f\u00fcr musikalische Nachwuchsarbeit in Form von Chor, Ensemble und Orchestermusik und tr\u00e4gt einen nicht unwesentlichen Teil zur Tatsache, dass es vor allem um den Orchesternachwuchs in Amstetten derzeit relativ gut bestellt ist, bei. Das Orchester des BG\/BRG Amstetten besteht aus ca. 60 hauseigenen MusikerInnen der&#8230;<\/p>\n","protected":false},"author":1,"featured_media":0,"parent":471,"menu_order":0,"comment_status":"closed","ping_status":"closed","template":"","meta":{"footnotes":""},"class_list":["post-51050","page","type-page","status-publish","hentry"],"_links":{"self":[{"href":"https:\/\/www.bgamstetten.ac.at\/index.php\/wp-json\/wp\/v2\/pages\/51050","targetHints":{"allow":["GET"]}}],"collection":[{"href":"https:\/\/www.bgamstetten.ac.at\/index.php\/wp-json\/wp\/v2\/pages"}],"about":[{"href":"https:\/\/www.bgamstetten.ac.at\/index.php\/wp-json\/wp\/v2\/types\/page"}],"author":[{"embeddable":true,"href":"https:\/\/www.bgamstetten.ac.at\/index.php\/wp-json\/wp\/v2\/users\/1"}],"replies":[{"embeddable":true,"href":"https:\/\/www.bgamstetten.ac.at\/index.php\/wp-json\/wp\/v2\/comments?post=51050"}],"version-history":[{"count":2,"href":"https:\/\/www.bgamstetten.ac.at\/index.php\/wp-json\/wp\/v2\/pages\/51050\/revisions"}],"predecessor-version":[{"id":51105,"href":"https:\/\/www.bgamstetten.ac.at\/index.php\/wp-json\/wp\/v2\/pages\/51050\/revisions\/51105"}],"up":[{"embeddable":true,"href":"https:\/\/www.bgamstetten.ac.at\/index.php\/wp-json\/wp\/v2\/pages\/471"}],"wp:attachment":[{"href":"https:\/\/www.bgamstetten.ac.at\/index.php\/wp-json\/wp\/v2\/media?parent=51050"}],"curies":[{"name":"wp","href":"https:\/\/api.w.org\/{rel}","templated":true}]}}