{"id":47123,"date":"2021-11-11T22:15:04","date_gmt":"2021-11-11T21:15:04","guid":{"rendered":"http:\/\/gymnasium-amstetten.at\/?page_id=47123"},"modified":"2022-10-04T12:03:11","modified_gmt":"2022-10-04T10:03:11","slug":"schuljahresbeginn","status":"publish","type":"page","link":"https:\/\/www.bgamstetten.ac.at\/index.php\/aktuelles\/schuljahresbeginn\/","title":{"rendered":"Schuljahresbeginn"},"content":{"rendered":"<style type=\"text\/css\"> \n#cmsms_row_69e460c3ac404 .cmsms_row_outer_parent { \n\tpadding-top: 30px; \n} \n\n#cmsms_row_69e460c3ac404 .cmsms_row_outer_parent { \n\tpadding-bottom: 50px; \n} \n\n<\/style><div id=\"cmsms_row_69e460c3ac404\" class=\"cmsms_row cmsms_color_scheme_default\">\n<div class=\"cmsms_row_outer_parent\">\n<div class=\"cmsms_row_outer\">\n<div class=\"cmsms_row_inner\">\n<div class=\"cmsms_row_margin\">\n<div class=\"cmsms_column one_half\">\n<div id=\"cmsms_icon_box_69e460c3ac9cc\" class=\"cmsms_icon_box cmsms_box_heading\">\n<div class=\"icon_box_inner\">\n<h1 class=\"cmsms-icon-mail-7\">Informationen<\/h1>\n<div class=\"icon_box_text\">\n<p><img decoding=\"async\" class=\"aligncenter size-project-masonry-thumb wp-image-51293\" style=\"border-radius: 20px;\" src=\"https:\/\/www.bgamstetten.ac.at\/wp-content\/uploads\/2022\/08\/pexels-oleksandr-pidvalnyi-2831794-580x387.jpg\" alt=\"\" width=\"580\" height=\"387\" srcset=\"https:\/\/www.bgamstetten.ac.at\/wp-content\/uploads\/2022\/08\/pexels-oleksandr-pidvalnyi-2831794-580x387.jpg 580w, https:\/\/www.bgamstetten.ac.at\/wp-content\/uploads\/2022\/08\/pexels-oleksandr-pidvalnyi-2831794-300x200.jpg 300w, https:\/\/www.bgamstetten.ac.at\/wp-content\/uploads\/2022\/08\/pexels-oleksandr-pidvalnyi-2831794-1024x683.jpg 1024w, https:\/\/www.bgamstetten.ac.at\/wp-content\/uploads\/2022\/08\/pexels-oleksandr-pidvalnyi-2831794-768x512.jpg 768w, https:\/\/www.bgamstetten.ac.at\/wp-content\/uploads\/2022\/08\/pexels-oleksandr-pidvalnyi-2831794-1536x1024.jpg 1536w, https:\/\/www.bgamstetten.ac.at\/wp-content\/uploads\/2022\/08\/pexels-oleksandr-pidvalnyi-2831794-2048x1365.jpg 2048w, https:\/\/www.bgamstetten.ac.at\/wp-content\/uploads\/2022\/08\/pexels-oleksandr-pidvalnyi-2831794-820x547.jpg 820w, https:\/\/www.bgamstetten.ac.at\/wp-content\/uploads\/2022\/08\/pexels-oleksandr-pidvalnyi-2831794-1160x773.jpg 1160w\" sizes=\"(max-width: 580px) 100vw, 580px\" \/><br \/>\n<strong>Liebe Sch\u00fclerInnen und liebe Eltern!<\/strong><\/p>\n<p>Ich w\u00fcnsche euch\/Ihnen einen <strong>guten Start<\/strong> in das <strong>neue Schuljahr 2022\/23<\/strong>. Wir alle bereiten uns bereits intensiv f\u00fcr den Schulstart vor, so dass dieser f\u00fcr alle Beteiligten m\u00f6glichst reibungslos verl\u00e4uft.<\/p>\n<p>Die wichtigsten <strong>Termine und Informationen<\/strong> finden Sie hier kurz zusammengefasst. Sie finden <strong>alle Termine<\/strong> aber auch bald in unserem neuen <a href=\"https:\/\/www.bgamstetten.ac.at\/index.php\/service\/kalender-termine\/\"><strong>Schulkalender<\/strong><\/a>.<\/p>\n<p><strong>Schulbeginn<\/strong> ist am <strong>Montag, <\/strong>den <strong>05.09.2022 <\/strong>um <strong>13:30<\/strong> in den jeweiligen <strong>Klassen<\/strong> (siehe <a href=\"https:\/\/www.bgamstetten.ac.at\/index.php\/service\/raumplan\/\"><strong>Raumplan<\/strong><\/a>).<\/p>\n<p>Um <strong>14:00<\/strong> findet anschlie\u00dfend die <strong>\u00f6kumenische Schulbeginnfeier<\/strong> im <strong>Schulhof f\u00fcr alle Klassen<\/strong> statt. Bei <strong>Schlechtwetter<\/strong> feiern die <strong>ersten<\/strong> und <strong>f\u00fcnften Klassen<\/strong> im <strong>Turnsaal 1<\/strong>, f\u00fcr alle anderen Klassen gibt es eine <strong>Live-\u00dcbertragung<\/strong> in den <strong>Klassenr\u00e4umen<\/strong>.<\/p>\n<p>Ab <strong>Dienstag, <\/strong>den <strong>06.09.2022<\/strong> findet der <strong>Unterricht laut Stundenplan<\/strong> (siehe <a href=\"https:\/\/portal.bgamstetten.ac.at\/redirectStundenplan.html\"><strong>Webuntis<\/strong><\/a>) statt.<\/p>\n<p>Die unterrichtenden Lehrpersonen der <strong>1. Klasse<\/strong> haben bereits eine Liste f\u00fcr die <strong>ben\u00f6tigten Materialien<\/strong> (siehe <a href=\"https:\/\/www.bgamstetten.ac.at\/wp-content\/uploads\/2022\/09\/Materialliste-1.-Klassen-1-1.pdf\"><strong>Materialliste &#8211; 1. Klasse<\/strong><\/a>) erstellt.<\/p>\n<p>Anbei noch die Elternbriefe f\u00fcr die <a href=\"https:\/\/www.bgamstetten.ac.at\/wp-content\/uploads\/2022\/09\/Informationen-zum-Schulanfang-1.-Klassen-2022.pdf\"><strong>1. Klassen<\/strong><\/a>, die <a href=\"https:\/\/www.bgamstetten.ac.at\/wp-content\/uploads\/2022\/09\/Informationen-zum-Schulanfang-2.-4.-Klassen-2022.pdf\"><strong>2.-4. Klassen<\/strong><\/a> und f\u00fcr die <a href=\"https:\/\/www.bgamstetten.ac.at\/wp-content\/uploads\/2022\/09\/Informationen-zum-Schulanfang-Oberstufe-2022.pdf\"><strong>Klassen der Oberstufe<\/strong><\/a>.<\/p>\n<p style=\"text-align: right;\">Dir. Mag. Josef Spreitz<\/p>\n<\/div>\n<\/div>\n<\/div>\n<div id=\"cmsms_icon_box_69e460c3ace51\" class=\"cmsms_icon_box cmsms_box_heading\">\n<div class=\"icon_box_inner\">\n<h1 class=\"cmsms-icon-calendar\">Termine<\/h1>\n<div class=\"icon_box_text\">\n<p><\/p>\n<\/div>\n<\/div>\n<\/div>\n<table class=\"cmsms_table noborder\"><tr><td>Beginn des Schuljahres<\/td><td>Mo, 05.09.2022<\/td><\/tr><tr><td>Nachmittagsbetreuung Infoabend<\/td><td>Mi, 14.09.2022 18:00<\/td><\/tr><tr><td>Elternabend 1. Klassen<\/td><td>Mi, 14.09.2022 19:00<\/td><\/tr><tr><td>Herbstferien<\/td><td>Mi, 26.10.2022 &#8211; Mo, 31.10.2022<\/td><\/tr><tr><td>Weihnachtsferien<\/td><td>Sa, 24.12.2022 &#8211; So, 08.01.2023<\/td><\/tr><tr><td>Ende 1. Semester<\/td><td>Fr, 03.02.2023<\/td><\/tr><tr><td>Beginn 2. Semester<\/td><td>Mo, 13.02.2023<\/td><\/tr><tr><td>Osterferien<\/td><td>Sa, 01.04.2023 &#8211; Mo, 10.04.2023<\/td><\/tr><tr><td>Beginn sRDP<\/td><td>Di, 02.05.2023<\/td><\/tr><tr><td>Pfingstferien<\/td><td>Sa, 27.05.2023 &#8211; Mo, 29.05.2023<\/td><\/tr><tr><td>Ende des Schuljahres<\/td><td>Fr, 30.06.2023<\/td><\/tr><tr><td>Schulautonom freie Tage<\/td><td>Mo, 14.11.2022 Fr, 09.12.2022 Fr, 19.05.2023 Fr, 09.06.2023<\/td><\/tr> <\/table><div id=\"cmsms_icon_box_69e460c3ad3d5\" class=\"cmsms_icon_box cmsms_box_heading\">\n<div class=\"icon_box_inner\">\n<h1 class=\"cmsms-icon-fast-fw-1\">Raumplan<\/h1>\n<div class=\"icon_box_text\">\n<p><a href=\"https:\/\/www.bgamstetten.ac.at\/wp-content\/uploads\/2022\/08\/Raumplan_2022_23_kompakt.png\"><img decoding=\"async\" class=\"alignnone size-full wp-image-51277\" src=\"https:\/\/www.bgamstetten.ac.at\/wp-content\/uploads\/2022\/08\/Raumplan_2022_23_kompakt.png\" alt=\"\" width=\"1569\" height=\"948\" srcset=\"https:\/\/www.bgamstetten.ac.at\/wp-content\/uploads\/2022\/08\/Raumplan_2022_23_kompakt.png 1569w, https:\/\/www.bgamstetten.ac.at\/wp-content\/uploads\/2022\/08\/Raumplan_2022_23_kompakt-300x181.png 300w, https:\/\/www.bgamstetten.ac.at\/wp-content\/uploads\/2022\/08\/Raumplan_2022_23_kompakt-1024x619.png 1024w, https:\/\/www.bgamstetten.ac.at\/wp-content\/uploads\/2022\/08\/Raumplan_2022_23_kompakt-768x464.png 768w, https:\/\/www.bgamstetten.ac.at\/wp-content\/uploads\/2022\/08\/Raumplan_2022_23_kompakt-1536x928.png 1536w, https:\/\/www.bgamstetten.ac.at\/wp-content\/uploads\/2022\/08\/Raumplan_2022_23_kompakt-580x350.png 580w, https:\/\/www.bgamstetten.ac.at\/wp-content\/uploads\/2022\/08\/Raumplan_2022_23_kompakt-820x495.png 820w, https:\/\/www.bgamstetten.ac.at\/wp-content\/uploads\/2022\/08\/Raumplan_2022_23_kompakt-1160x701.png 1160w\" sizes=\"(max-width: 1569px) 100vw, 1569px\" \/><\/a><\/p>\n<\/div>\n<\/div>\n<\/div>\n<div id=\"cmsms_icon_box_69e460c3ad432\" class=\"cmsms_icon_box cmsms_box_heading\">\n<div class=\"icon_box_inner\">\n<h1 class=\"cmsms-icon-clock-1\">Stundeneinteilung<\/h1>\n<div class=\"icon_box_text\">\n<table border=\"0\" align=\"center\">\n<tbody>\n<tr>\n<td style=\"border: none; padding-top: 0px; padding-bottom: 0px; text-align: right;\" width=\"150px\">1. Stunde<\/td>\n<td style=\"border: none; padding-top: 0px; padding-bottom: 0px; text-align: left;\" width=\"150px\">07:25 \u2013 08:15<\/td>\n<\/tr>\n<tr>\n<td style=\"border: none; padding-top: 0px; padding-bottom: 0px; text-align: right;\">2. Stunde<\/td>\n<td style=\"border: none; padding-top: 0px; padding-bottom: 0px; text-align: left;\">08:20 \u2013 09:10<\/td>\n<\/tr>\n<tr>\n<td style=\"border: none; padding-top: 0px; padding-bottom: 0px; text-align: right;\">3. Stunde<\/td>\n<td style=\"border: none; padding-top: 0px; padding-bottom: 0px; text-align: left;\">09:15 \u2013 10:05<\/td>\n<\/tr>\n<tr>\n<td style=\"border: none; padding-top: 0px; padding-bottom: 0px; text-align: right;\">4. Stunde<\/td>\n<td style=\"border: none; padding-top: 0px; padding-bottom: 0px; text-align: left;\">10:20 \u2013 11:10<\/td>\n<\/tr>\n<tr>\n<td style=\"border: none; padding-top: 0px; padding-bottom: 0px; text-align: right;\">5. Stunde<\/td>\n<td style=\"border: none; padding-top: 0px; padding-bottom: 0px; text-align: left;\">11:15 \u2013 12:05<\/td>\n<\/tr>\n<tr>\n<td style=\"border: none; padding-top: 0px; padding-bottom: 0px; text-align: right;\">6. Stunde<\/td>\n<td style=\"border: none; padding-top: 0px; padding-bottom: 0px; text-align: left;\">12:05 \u2013 12:55<\/td>\n<\/tr>\n<tr>\n<td style=\"border: none; padding-top: 0px; padding-bottom: 0px;\"><\/td>\n<td style=\"border: none; padding-top: 0px; padding-bottom: 0px;\"><\/td>\n<\/tr>\n<tr>\n<td style=\"border: none; padding-top: 0px; padding-bottom: 0px; text-align: right;\">7. Stunde (Mittagspause)<\/td>\n<td style=\"border: none; padding-top: 0px; padding-bottom: 0px; text-align: left;\">12:55 \u2013 13:30<\/td>\n<\/tr>\n<tr>\n<td style=\"border: none; padding-top: 0px; padding-bottom: 0px;\"><\/td>\n<td style=\"border: none; padding-top: 0px; padding-bottom: 0px;\"><\/td>\n<\/tr>\n<tr>\n<td style=\"border: none; padding-top: 0px; padding-bottom: 0px; text-align: right;\">8. Stunde<\/td>\n<td style=\"border: none; padding-top: 0px; padding-bottom: 0px; text-align: left;\">13:30 \u2013 14:20<\/td>\n<\/tr>\n<tr>\n<td style=\"border: none; padding-top: 0px; padding-bottom: 0px; text-align: right;\">9. Stunde<\/td>\n<td style=\"border: none; padding-top: 0px; padding-bottom: 0px; text-align: left;\">14:20 \u2013 15:10<\/td>\n<\/tr>\n<tr>\n<td style=\"border: none; padding-top: 0px; padding-bottom: 0px; text-align: right;\">10. Stunde<\/td>\n<td style=\"border: none; padding-top: 0px; padding-bottom: 0px; text-align: left;\">15:20 \u2013 16:10<\/td>\n<\/tr>\n<tr>\n<td style=\"border: none; padding-top: 0px; padding-bottom: 0px; text-align: right;\">11. Stunde<\/td>\n<td style=\"border: none; padding-top: 0px; padding-bottom: 0px; text-align: left;\">16:10 \u2013 17:00<\/td>\n<\/tr>\n<\/tbody>\n<\/table>\n<\/div>\n<\/div>\n<\/div>\n<\/div>\n<div class=\"cmsms_column one_half\">\n<div id=\"cmsms_icon_box_69e460c3ad73b\" class=\"cmsms_icon_box cmsms_box_heading\">\n<div class=\"icon_box_inner\">\n<h1 class=\"cmsms-icon-docs-1\">Infos zum Jugendticket<\/h1>\n<div class=\"icon_box_text\">\n<p><a href=\"https:\/\/www.vor.at\/tickets\/ticketuebersicht\/jugendtickets\" target=\"_blank\" rel=\"noopener\"><img decoding=\"async\" class=\"alignnone size-masonrythumb\" style=\"border-radius: 20px;\" src=\"https:\/\/www.bgamstetten.ac.at\/wp-content\/uploads\/2022\/07\/pexels-veerasak-piyawatanakul-1170184-scaled.jpg\" width=\"800\" height=\"450\" \/><\/a><\/p>\n<p>Mit dem <a href=\"https:\/\/www.vor.at\/tickets\/ticketuebersicht\/jugendtickets\" target=\"_blank\" rel=\"noopener\">Top-Jugendticket um \u20ac 79,00<\/a> k\u00f6nnen alle \u00d6ffis (Verbundlinien)\u00a0in Wien, Nieder\u00f6sterreich und dem Burgenland, an allen Tagen \u2013 auch in den Ferien \u2013 unbegrenzt genutzt werden.<\/p>\n<p>Mit dem <a href=\"https:\/\/www.vor.at\/tickets\/ticketuebersicht\/jugendtickets\" target=\"_blank\" rel=\"noopener\">Jugendticket um \u20ac 19,60<\/a> k\u00f6nnen \u00d6ffentliche Verkehrsmittel f\u00fcr den Weg von Zuhause zur Schule oder Dienststelle genutzt werden.<\/p>\n<\/div>\n<\/div>\n<\/div>\n<div id=\"cmsms_icon_box_69e460c3ad7af\" class=\"cmsms_icon_box cmsms_box_heading\">\n<div class=\"icon_box_inner\">\n<h1 class=\"cmsms-icon-shop-1\">Weg in die Klasse<\/h1>\n<div class=\"icon_box_text\">\n<iframe style=\"border-radius: 20px;\" title=\"Weg in die Klasse\" src=\"https:\/\/www.youtube.com\/embed\/euOQkxwSQxM?start=5\" width=\"100%\" height=\"315\" frameborder=\"0\" allowfullscreen=\"allowfullscreen\"><\/iframe>\n<\/div>\n<\/div>\n<\/div>\n<div id=\"cmsms_icon_box_69e460c3ad7fc\" class=\"cmsms_icon_box cmsms_box_heading\">\n<div class=\"icon_box_inner\">\n<h1 class=\"cmsms-icon-login-1\">Schulrundgang<\/h1>\n<div class=\"icon_box_text\">\n<iframe style=\"border-radius: 20px;\" title=\"Schulrundgang\" src=\"https:\/\/www.youtube.com\/embed\/TZT9EkRqyHM?start=5\" width=\"100%\" height=\"315\" frameborder=\"0\" allowfullscreen=\"allowfullscreen\"><\/iframe>\n<\/div>\n<\/div>\n<\/div>\n<\/div>\n<\/div>\n<\/div>\n<\/div>\n<\/div>\n<\/div>\n<div id=\"cmsms_row_69e460c3ad896\" class=\"cmsms_row cmsms_color_scheme_default\">\n<div class=\"cmsms_row_outer_parent\">\n<div class=\"cmsms_row_outer\">\n<div class=\"cmsms_row_inner\">\n<div class=\"cmsms_row_margin\">\n<div class=\"cmsms_column one_first\">\n<div class=\"cmsms_text\">\n<p>&nbsp;<\/p>\n<\/div>\n<\/div>\n<\/div>\n<\/div>\n<\/div>\n<\/div>\n<\/div>\n\n","protected":false},"excerpt":{"rendered":"","protected":false},"author":1,"featured_media":0,"parent":29220,"menu_order":0,"comment_status":"closed","ping_status":"closed","template":"","meta":{"footnotes":""},"class_list":["post-47123","page","type-page","status-publish","hentry"],"_links":{"self":[{"href":"https:\/\/www.bgamstetten.ac.at\/index.php\/wp-json\/wp\/v2\/pages\/47123","targetHints":{"allow":["GET"]}}],"collection":[{"href":"https:\/\/www.bgamstetten.ac.at\/index.php\/wp-json\/wp\/v2\/pages"}],"about":[{"href":"https:\/\/www.bgamstetten.ac.at\/index.php\/wp-json\/wp\/v2\/types\/page"}],"author":[{"embeddable":true,"href":"https:\/\/www.bgamstetten.ac.at\/index.php\/wp-json\/wp\/v2\/users\/1"}],"replies":[{"embeddable":true,"href":"https:\/\/www.bgamstetten.ac.at\/index.php\/wp-json\/wp\/v2\/comments?post=47123"}],"version-history":[{"count":56,"href":"https:\/\/www.bgamstetten.ac.at\/index.php\/wp-json\/wp\/v2\/pages\/47123\/revisions"}],"predecessor-version":[{"id":51516,"href":"https:\/\/www.bgamstetten.ac.at\/index.php\/wp-json\/wp\/v2\/pages\/47123\/revisions\/51516"}],"up":[{"embeddable":true,"href":"https:\/\/www.bgamstetten.ac.at\/index.php\/wp-json\/wp\/v2\/pages\/29220"}],"wp:attachment":[{"href":"https:\/\/www.bgamstetten.ac.at\/index.php\/wp-json\/wp\/v2\/media?parent=47123"}],"curies":[{"name":"wp","href":"https:\/\/api.w.org\/{rel}","templated":true}]}}