{"id":44993,"date":"2020-11-13T02:51:17","date_gmt":"2020-11-13T01:51:17","guid":{"rendered":"http:\/\/gymnasium-amstetten.at\/?page_id=44993"},"modified":"2022-10-04T12:34:16","modified_gmt":"2022-10-04T10:34:16","slug":"schule","status":"publish","type":"page","link":"https:\/\/www.bgamstetten.ac.at\/index.php\/schule\/","title":{"rendered":"Schule"},"content":{"rendered":"<style type=\"text\/css\"> \n#cmsms_row_69efa6d85d5cd .cmsms_row_outer_parent { \n\tpadding-top: 0px; \n} \n\n#cmsms_row_69efa6d85d5cd .cmsms_row_outer_parent { \n\tpadding-bottom: 50px; \n} \n\n \n#cmsms_row_69efa6d861443 .cmsms_row_outer_parent { \n\tpadding-top: 0px; \n} \n\n#cmsms_row_69efa6d861443 .cmsms_row_outer_parent { \n\tpadding-bottom: 50px; \n} \n\n<\/style><div id=\"cmsms_row_69efa6d85d5cd\" class=\"cmsms_row cmsms_color_scheme_default\">\n<div class=\"cmsms_row_outer_parent\">\n<div class=\"cmsms_row_outer\">\n<div class=\"cmsms_row_inner\">\n<div class=\"cmsms_row_margin\">\n<div class=\"cmsms_column one_first\">\n<div class=\"cmsms_slider\"><script type=\"text\/javascript\">jQuery(function() { _initLayerSlider( '#layerslider_1_wx8k8lbjmf8e', {createdWith: '7.2.1', sliderVersion: '7.2.1', hideOnMobile: true, firstSlide: 2, skin: 'v6', useSrcset: true, skinsPath: 'https:\/\/www.bgamstetten.ac.at\/wp-content\/plugins\/LayerSlider\/assets\/static\/layerslider\/skins\/'}); });<\/script><div id=\"layerslider_1_wx8k8lbjmf8e\" class=\"ls-wp-container fitvidsignore\" style=\"width:1280px;height:400px;margin:0 auto;margin-bottom: 0px;\"><div class=\"ls-slide\" data-ls=\"kenburnsscale:1.2;\"><img decoding=\"async\" width=\"2560\" height=\"331\" src=\"https:\/\/www.bgamstetten.ac.at\/wp-content\/uploads\/2022\/07\/DSC_7395a-scaled-1.jpg\" class=\"ls-bg\" alt=\"\" srcset=\"https:\/\/www.bgamstetten.ac.at\/wp-content\/uploads\/2022\/07\/DSC_7395a-scaled-1.jpg 2560w, https:\/\/www.bgamstetten.ac.at\/wp-content\/uploads\/2022\/07\/DSC_7395a-scaled-1-300x39.jpg 300w, https:\/\/www.bgamstetten.ac.at\/wp-content\/uploads\/2022\/07\/DSC_7395a-scaled-1-1024x132.jpg 1024w, https:\/\/www.bgamstetten.ac.at\/wp-content\/uploads\/2022\/07\/DSC_7395a-scaled-1-768x99.jpg 768w, https:\/\/www.bgamstetten.ac.at\/wp-content\/uploads\/2022\/07\/DSC_7395a-scaled-1-1536x199.jpg 1536w, https:\/\/www.bgamstetten.ac.at\/wp-content\/uploads\/2022\/07\/DSC_7395a-scaled-1-2048x265.jpg 2048w, https:\/\/www.bgamstetten.ac.at\/wp-content\/uploads\/2022\/07\/DSC_7395a-scaled-1-580x75.jpg 580w, https:\/\/www.bgamstetten.ac.at\/wp-content\/uploads\/2022\/07\/DSC_7395a-scaled-1-820x106.jpg 820w, https:\/\/www.bgamstetten.ac.at\/wp-content\/uploads\/2022\/07\/DSC_7395a-scaled-1-1160x150.jpg 1160w\" sizes=\"(max-width: 2560px) 100vw, 2560px\" \/><\/div><\/div><\/div>\n<\/div>\n<\/div>\n<\/div>\n<\/div>\n<\/div>\n<\/div>\n<div id=\"cmsms_row_69efa6d861443\" class=\"cmsms_row cmsms_color_scheme_default\">\n<div class=\"cmsms_row_outer_parent\">\n<div class=\"cmsms_row_outer\">\n<div class=\"cmsms_row_inner\">\n<div class=\"cmsms_row_margin\">\n<div class=\"cmsms_column one_half\">\n<div id=\"cmsms_icon_box_69efa6d86177e\" class=\"cmsms_icon_box cmsms_box_heading\">\n<div class=\"icon_box_inner\">\n<h1 class=\"cmsms-icon-check-outline\">Warum Gymnasium?<\/h1>\n<div class=\"icon_box_text\">\n<iframe style=\"width: 100%; height: 250px; border-radius: 20px;\" title=\"YouTube video player\" src=\"https:\/\/www.youtube.com\/embed\/GHtr-Duy27E?start=7\" frameborder=\"0\" allowfullscreen=\"allowfullscreen\"><\/iframe>\n<\/div>\n<\/div>\n<\/div>\n<div id=\"cmsms_icon_box_69efa6d8617fd\" class=\"cmsms_icon_box cmsms_box_heading\">\n<div class=\"icon_box_inner\">\n<h1 class=\"cmsms-icon-doc-text-inv\">Schulfolder<\/h1>\n<div class=\"icon_box_text\">\n<p style=\"text-align: center;\"><div class=\"real3dflipbook\" id=\"3_69efa6d861b2b\" style=\"position:absolute;\"><\/div>\n<\/div>\n<\/div>\n<\/div>\n<\/div>\n<div class=\"cmsms_column one_half\">\n<div id=\"cmsms_icon_box_69efa6d861f66\" class=\"cmsms_icon_box cmsms_box_heading\">\n<div class=\"icon_box_inner\">\n<h1 class=\"cmsms-icon-columns\">Hereinspaziert!<\/h1>\n<div class=\"icon_box_text\">\n<iframe style=\"width: 100%; height: 250px; border-radius: 20px;\" title=\"YouTube video player\" src=\"https:\/\/www.youtube.com\/embed\/euOQkxwSQxM?start=7\" frameborder=\"0\" allowfullscreen=\"allowfullscreen\"><\/iframe>\n<\/div>\n<\/div>\n<\/div>\n<div id=\"cmsms_icon_box_69efa6d861fc8\" class=\"cmsms_icon_box cmsms_box_heading\">\n<div class=\"icon_box_inner\">\n<h1 class=\"cmsms-icon-chat-5\">Statements<\/h1>\n<div class=\"icon_box_text\">\n<div class=\"cmsms_quotes_slider_wrap\">\n<script type=\"text\/javascript\">jQuery(document).ready(function () { jQuery(\"#cmsms_quotes_slider_69efa6d862264\").owlCarousel( { singleItem : true, autoPlay : 10000,stopOnHover: true, pagination: false, navigation : true, navigationText : \t[ \"<span class=\\\"cmsms_prev_arrow\\\"><\/span>\", \"<span class=\\\"cmsms_next_arrow\\\"><\/span>\" ] } );} );<\/script>\n<div id=\"cmsms_quotes_slider_69efa6d862264\" class=\"cmsms_quotes_slider owl-carousel\">\n<div class=\"cmsms_quote\">\n<article class=\"cmsms_quote_inner\">\n<div class=\"quote_content\">\n<p><em>&#8222;R\u00fcckblickend war die Entscheidung f\u00fcr diese Schule die wichtigste bisher.&#8220;<\/em><\/p>\n<\/div>\n<div class=\"wrap_quote_title\"><h6 class=\"quote_title\">Hannah Weinstabl<\/h6>\n<span class=\"quote_subtitle\">Maturantin (2015\/16)<\/span>\n<\/div>\n<\/article>\n<\/div>\n<div class=\"cmsms_quote\">\n<article class=\"cmsms_quote_inner\">\n<div class=\"quote_content\">\n<p><em>&#8222;Mein Sohn maturiert in diesem Schuljahr im Gymnasium Amstetten und auf das Lehrerteam k\u00f6nnen Sie zurecht stolz sein.<br \/>\nEs ist als Kind\/Jugendlicher ein Geschenk,<br \/>\n8 Jahre eine derart offene, engagierte, kreative, wertsch\u00e4tzende und wissenschaftl. fundierte Ausbildung zu bekommen.<br \/>\nVielen Dank!&#8220;<\/em><\/p>\n<\/div>\n<div class=\"wrap_quote_title\"><h6 class=\"quote_title\">Helga Seibezeder<\/h6>\n<span class=\"quote_subtitle\">Mutter (11. Oktober 2020)<\/span>\n<\/div>\n<\/article>\n<\/div>\n<div class=\"cmsms_quote\">\n<article class=\"cmsms_quote_inner\">\n<div class=\"quote_content\">\n<p><em>\u201eUmdasch, K1 und Gym Amstetten. Gerne denke ich an meine Schulzeit zur\u00fcck\u2026H\u00e4tte mir jemand in der Schule erz\u00e4hlt, dass ich einmal in Cambridge, Boston, Kalifornien oder gar Afrika leben werde\u2026und das als Arzt\/Neurowissenschaftler\u2026sicher nicht.\u201c<\/em><\/p>\n<\/div>\n<div class=\"wrap_quote_title\"><h6 class=\"quote_title\">Dr. Christopher Weyrer<\/h6>\n<span class=\"quote_subtitle\">Dr. Christopher Weyrer: maturierte 2003 im Sprachenzweig, er studierte an der Uni Wien Medizin und Physik, arbeitet an der Havard Medical School und an der Universit\u00e4t of Cambridge<\/span>\n<\/div>\n<\/article>\n<\/div>\n<div class=\"cmsms_quote\">\n<article class=\"cmsms_quote_inner\">\n<div class=\"quote_content\">\n<p><em>\u201eDer Schulversuch Informatik am Ostarrichi Gymnasium Amstetten war f\u00fcr meinen weiteren Werdegang die perfekte Basis. Die Breite an Bildungsinhalten gepaart mit einer Spezialisierung auf zeitgem\u00e4\u00dfe Technologien erm\u00f6glichten es mir schon in der Oberstufe, meine Interessen zu vertiefen. So fand ich fr\u00fch meinen Weg im Kommunikations- und Interface-Design. Nach der Matura schaffte ich die H\u00fcrde der Aufnahmepr\u00fcfung an der Universit\u00e4t f\u00fcr angewandte Kunst Wien beim ersten Anlauf [&#8230;] 2014 konnte ich dann meinen gro\u00dfen Traum verwirklichen und gr\u00fcndete mein eigenes Studio [&#8230;] in Wien. In den letzten 4 Jahren k\u00f6nnen wir auf ein stetes Wachstum des Unternehmens und zahlreiche internationale Auszeichnungen [&#8230;] zur\u00fcckblicken und namhafte Kunden wie adidas, dm drogeriemarkt, OMV, Merkur Versicherung, PREFA betreuen.\u201c<\/em><\/p>\n<\/div>\n<div class=\"wrap_quote_title\"><h6 class=\"quote_title\">Mag. Gerd Haselsteiner<\/h6>\n<span class=\"quote_subtitle\">Absolvent unseres Informatikzweiges<\/span>\n<\/div>\n<\/article>\n<\/div>\n<div class=\"cmsms_quote\">\n<article class=\"cmsms_quote_inner\">\n<div class=\"quote_content\">\n<p>\n<em>\u201eAls Dolmetscherin arbeite ich mit den Sprachen Spanisch und Franz\u00f6sisch, f\u00fcr die damals im Unterricht bereits ein wichtiger Grundstein gelegt wurde, wobei ich die Sprachreisen nach Malaga und Montpellier in sehr guter Erinnerung behalten habe. Zu meiner T\u00e4tigkeit geh\u00f6rt es auch, mich f\u00fcr jeden Auftrag in ein v\u00f6llig neues thematisches Gebiet einzuarbeiten und dabei auf ein breites Allgemeinwissen zur\u00fcckgreifen zu k\u00f6nnen. Diese Neugier [&#8230;] wurde mir bereits in den Jahren am Gymnasium mit auf den Weg gegeben. Sie hat mich seither immer begleitet und nun auch in die Wissenschaft gef\u00fchrt.\u201c <\/em><strong>\u00a0<\/strong><\/p>\n<\/div>\n<div class=\"wrap_quote_title\"><h6 class=\"quote_title\">Mag. Regina Rogl<\/h6>\n<span class=\"quote_subtitle\">Sprachenzweig (Maturajahrgang 2004), Universit\u00e4t Wien, Zentrum f\u00fcr Translationswissenschaft<\/span>\n<\/div>\n<\/article>\n<\/div>\n<div class=\"cmsms_quote\">\n<article class=\"cmsms_quote_inner\">\n<div class=\"quote_content\">\n<p><em>\u00a0\u201eIch habe mich in der Oberstufe f\u00fcr den Sportzweig des Gymnasiums entschieden und bin mit dieser Entscheidung heute sehr zufrieden. [&#8230;] Das zus\u00e4tzliche Hauptfach Sportkunde alleine ist es wert, diesen Zweig zu w\u00e4hlen, weil man unglaublich viel \u00fcber den menschlichen K\u00f6rper und die Auswirkungen durch sportliche Bet\u00e4tigung auf diesen erf\u00e4hrt. Ich kann dieses Wissen in allen sportlichen und gesundheitlichen Bereichen des Lebens einsetzen. Au\u00dferdem konnte ich durch den [&#8230;] zus\u00e4tzlichen Schwerpunkt (Naturwissenschaften) meine Leidenschaft f\u00fcr Physik und Chemie entdecken.\u201c<\/em><\/p>\n<\/div>\n<div class=\"wrap_quote_title\"><h6 class=\"quote_title\">Michaela Atschreiter<\/h6>\n<span class=\"quote_subtitle\">2011\/12 Matura am Ostarrichi-Gymnasium\/Sportzweig, P\u00e4dagogin (Deutsch, Physik und Chemie)<\/span>\n<\/div>\n<\/article>\n<\/div>\n<div class=\"cmsms_quote\">\n<article class=\"cmsms_quote_inner\">\n<div class=\"quote_content\">\n<p><em>\u201eZ\u00f6gert nicht parallel zum Leistungssport eine fundierte Ausbildung zu beginnen. Man lernt durch und f\u00fcr den Sport!\u201c,<\/em> ist das Credo des 9-fachen Staatsmeisters im Inlineskaten.<\/p>\n<\/div>\n<div class=\"wrap_quote_title\"><h6 class=\"quote_title\">Christian Kromoser<\/h6>\n<span class=\"quote_subtitle\">Absolvent des Sportzweiges, Mediziner<\/span>\n<\/div>\n<\/article>\n<\/div>\n<\/div>\n<\/div>\n<\/div>\n<\/div>\n<\/div>\n<\/div>\n<\/div>\n<\/div>\n<\/div>\n<\/div>\n<\/div>\n<div id=\"cmsms_row_69efa6d8626e9\" class=\"cmsms_row cmsms_color_scheme_default\">\n<div class=\"cmsms_row_outer_parent\">\n<div class=\"cmsms_row_outer\">\n<div class=\"cmsms_row_inner\">\n<div class=\"cmsms_row_margin\">\n<div class=\"cmsms_column one_first\">\n<div id=\"cmsms_icon_box_69efa6d86294f\" class=\"cmsms_icon_box cmsms_box_heading\">\n<div class=\"icon_box_inner\">\n<h1 class=\"cmsms-icon-news\">83. Jahresbericht<\/h1>\n<div class=\"icon_box_text\">\n<p style=\"text-align: center;\"><div class=\"real3dflipbook\" id=\"1_69efa6d862bdc\" style=\"position:absolute;\"><\/div>\n<\/div>\n<\/div>\n<\/div>\n<div id=\"cmsms_icon_box_69efa6d862c71\" class=\"cmsms_icon_box cmsms_box_heading\">\n<div class=\"icon_box_inner\">\n<h1 class=\"cmsms-icon-contacts\">80 Jahre Gymnasium<\/h1>\n<div class=\"icon_box_text\">\n<p style=\"text-align: center;\"><div class=\"real3dflipbook\" id=\"2_69efa6d862ec1\" style=\"position:absolute;\"><\/div>\n<h5 style=\"text-align: center;\">2018 haben wir unseren 80. Geburtstag gefeiert. Hier die Sonderbeilage zur N\u00d6N vom Herbst 2018.<\/h5>\n<\/div>\n<\/div>\n<\/div>\n<div class=\"cmsms_text\">\n<p>&nbsp;<\/p>\n<\/div>\n<\/div>\n<\/div>\n<\/div>\n<\/div>\n<\/div>\n<\/div>\n\n","protected":false},"excerpt":{"rendered":"","protected":false},"author":1,"featured_media":0,"parent":0,"menu_order":0,"comment_status":"closed","ping_status":"closed","template":"","meta":{"footnotes":""},"class_list":["post-44993","page","type-page","status-publish","hentry"],"_links":{"self":[{"href":"https:\/\/www.bgamstetten.ac.at\/index.php\/wp-json\/wp\/v2\/pages\/44993","targetHints":{"allow":["GET"]}}],"collection":[{"href":"https:\/\/www.bgamstetten.ac.at\/index.php\/wp-json\/wp\/v2\/pages"}],"about":[{"href":"https:\/\/www.bgamstetten.ac.at\/index.php\/wp-json\/wp\/v2\/types\/page"}],"author":[{"embeddable":true,"href":"https:\/\/www.bgamstetten.ac.at\/index.php\/wp-json\/wp\/v2\/users\/1"}],"replies":[{"embeddable":true,"href":"https:\/\/www.bgamstetten.ac.at\/index.php\/wp-json\/wp\/v2\/comments?post=44993"}],"version-history":[{"count":18,"href":"https:\/\/www.bgamstetten.ac.at\/index.php\/wp-json\/wp\/v2\/pages\/44993\/revisions"}],"predecessor-version":[{"id":51524,"href":"https:\/\/www.bgamstetten.ac.at\/index.php\/wp-json\/wp\/v2\/pages\/44993\/revisions\/51524"}],"wp:attachment":[{"href":"https:\/\/www.bgamstetten.ac.at\/index.php\/wp-json\/wp\/v2\/media?parent=44993"}],"curies":[{"name":"wp","href":"https:\/\/api.w.org\/{rel}","templated":true}]}}

<style type="text/css"> 
#cmsms_row_69efa6d85d5cd .cmsms_row_outer_parent { 
	padding-top: 0px; 
} 

#cmsms_row_69efa6d85d5cd .cmsms_row_outer_parent { 
	padding-bottom: 50px; 
} 

 
#cmsms_row_69efa6d861443 .cmsms_row_outer_parent { 
	padding-top: 0px; 
} 

#cmsms_row_69efa6d861443 .cmsms_row_outer_parent { 
	padding-bottom: 50px; 
} 

</style><div id="cmsms_row_69efa6d85d5cd" class="cmsms_row cmsms_color_scheme_default">
<div class="cmsms_row_outer_parent">
<div class="cmsms_row_outer">
<div class="cmsms_row_inner">
<div class="cmsms_row_margin">
<div class="cmsms_column one_first">
<div class="cmsms_slider"><script type="text/javascript">jQuery(function() { _initLayerSlider( '#layerslider_1_wx8k8lbjmf8e', {createdWith: '7.2.1', sliderVersion: '7.2.1', hideOnMobile: true, firstSlide: 2, skin: 'v6', useSrcset: true, skinsPath: 'https://www.bgamstetten.ac.at/wp-content/plugins/LayerSlider/assets/static/layerslider/skins/'}); });</script><div id="layerslider_1_wx8k8lbjmf8e" class="ls-wp-container fitvidsignore" style="width:1280px;height:400px;margin:0 auto;margin-bottom: 0px;"><div class="ls-slide" data-ls="kenburnsscale:1.2;"><img decoding="async" width="2560" height="331" src="https://www.bgamstetten.ac.at/wp-content/uploads/2022/07/DSC_7395a-scaled-1.jpg" class="ls-bg" alt="" srcset="https://www.bgamstetten.ac.at/wp-content/uploads/2022/07/DSC_7395a-scaled-1.jpg 2560w, https://www.bgamstetten.ac.at/wp-content/uploads/2022/07/DSC_7395a-scaled-1-300x39.jpg 300w, https://www.bgamstetten.ac.at/wp-content/uploads/2022/07/DSC_7395a-scaled-1-1024x132.jpg 1024w, https://www.bgamstetten.ac.at/wp-content/uploads/2022/07/DSC_7395a-scaled-1-768x99.jpg 768w, https://www.bgamstetten.ac.at/wp-content/uploads/2022/07/DSC_7395a-scaled-1-1536x199.jpg 1536w, https://www.bgamstetten.ac.at/wp-content/uploads/2022/07/DSC_7395a-scaled-1-2048x265.jpg 2048w, https://www.bgamstetten.ac.at/wp-content/uploads/2022/07/DSC_7395a-scaled-1-580x75.jpg 580w, https://www.bgamstetten.ac.at/wp-content/uploads/2022/07/DSC_7395a-scaled-1-820x106.jpg 820w, https://www.bgamstetten.ac.at/wp-content/uploads/2022/07/DSC_7395a-scaled-1-1160x150.jpg 1160w" sizes="(max-width: 2560px) 100vw, 2560px" /></div></div></div>
</div>
</div>
</div>
</div>
</div>
</div>
<div id="cmsms_row_69efa6d861443" class="cmsms_row cmsms_color_scheme_default">
<div class="cmsms_row_outer_parent">
<div class="cmsms_row_outer">
<div class="cmsms_row_inner">
<div class="cmsms_row_margin">
<div class="cmsms_column one_half">
<div id="cmsms_icon_box_69efa6d86177e" class="cmsms_icon_box cmsms_box_heading">
<div class="icon_box_inner">
<h1 class="cmsms-icon-check-outline">Warum Gymnasium?</h1>
<div class="icon_box_text">
<iframe style="width: 100%; height: 250px; border-radius: 20px;" title="YouTube video player" src="https://www.youtube.com/embed/GHtr-Duy27E?start=7" frameborder="0" allowfullscreen="allowfullscreen"></iframe>
</div>
</div>
</div>
<div id="cmsms_icon_box_69efa6d8617fd" class="cmsms_icon_box cmsms_box_heading">
<div class="icon_box_inner">
<h1 class="cmsms-icon-doc-text-inv">Schulfolder</h1>
<div class="icon_box_text">
<p style="text-align: center;"><div class="real3dflipbook" id="3_69efa6d861b2b" style="position:absolute;"></div>
</div>
</div>
</div>
</div>
<div class="cmsms_column one_half">
<div id="cmsms_icon_box_69efa6d861f66" class="cmsms_icon_box cmsms_box_heading">
<div class="icon_box_inner">
<h1 class="cmsms-icon-columns">Hereinspaziert!</h1>
<div class="icon_box_text">
<iframe style="width: 100%; height: 250px; border-radius: 20px;" title="YouTube video player" src="https://www.youtube.com/embed/euOQkxwSQxM?start=7" frameborder="0" allowfullscreen="allowfullscreen"></iframe>
</div>
</div>
</div>
<div id="cmsms_icon_box_69efa6d861fc8" class="cmsms_icon_box cmsms_box_heading">
<div class="icon_box_inner">
<h1 class="cmsms-icon-chat-5">Statements</h1>
<div class="icon_box_text">
<div class="cmsms_quotes_slider_wrap">
<script type="text/javascript">jQuery(document).ready(function () { jQuery("#cmsms_quotes_slider_69efa6d862264").owlCarousel( { singleItem : true, autoPlay : 10000,stopOnHover: true, pagination: false, navigation : true, navigationText : 	[ "<span class=\"cmsms_prev_arrow\"></span>", "<span class=\"cmsms_next_arrow\"></span>" ] } );} );</script>
<div id="cmsms_quotes_slider_69efa6d862264" class="cmsms_quotes_slider owl-carousel">
<div class="cmsms_quote">
<article class="cmsms_quote_inner">
<div class="quote_content">
<p><em>&#8222;Rückblickend war die Entscheidung für diese Schule die wichtigste bisher.&#8220;</em></p>
</div>
<div class="wrap_quote_title"><h6 class="quote_title">Hannah Weinstabl</h6>
<span class="quote_subtitle">Maturantin (2015/16)</span>
</div>
</article>
</div>
<div class="cmsms_quote">
<article class="cmsms_quote_inner">
<div class="quote_content">
<p><em>&#8222;Mein Sohn maturiert in diesem Schuljahr im Gymnasium Amstetten und auf das Lehrerteam können Sie zurecht stolz sein.<br />
Es ist als Kind/Jugendlicher ein Geschenk,<br />
8 Jahre eine derart offene, engagierte, kreative, wertschätzende und wissenschaftl. fundierte Ausbildung zu bekommen.<br />
Vielen Dank!&#8220;</em></p>
</div>
<div class="wrap_quote_title"><h6 class="quote_title">Helga Seibezeder</h6>
<span class="quote_subtitle">Mutter (11. Oktober 2020)</span>
</div>
</article>
</div>
<div class="cmsms_quote">
<article class="cmsms_quote_inner">
<div class="quote_content">
<p><em>„Umdasch, K1 und Gym Amstetten. Gerne denke ich an meine Schulzeit zurück…Hätte mir jemand in der Schule erzählt, dass ich einmal in Cambridge, Boston, Kalifornien oder gar Afrika leben werde…und das als Arzt/Neurowissenschaftler…sicher nicht.“</em></p>
</div>
<div class="wrap_quote_title"><h6 class="quote_title">Dr. Christopher Weyrer</h6>
<span class="quote_subtitle">Dr. Christopher Weyrer: maturierte 2003 im Sprachenzweig, er studierte an der Uni Wien Medizin und Physik, arbeitet an der Havard Medical School und an der Universität of Cambridge</span>
</div>
</article>
</div>
<div class="cmsms_quote">
<article class="cmsms_quote_inner">
<div class="quote_content">
<p><em>„Der Schulversuch Informatik am Ostarrichi Gymnasium Amstetten war für meinen weiteren Werdegang die perfekte Basis. Die Breite an Bildungsinhalten gepaart mit einer Spezialisierung auf zeitgemäße Technologien ermöglichten es mir schon in der Oberstufe, meine Interessen zu vertiefen. So fand ich früh meinen Weg im Kommunikations- und Interface-Design. Nach der Matura schaffte ich die Hürde der Aufnahmeprüfung an der Universität für angewandte Kunst Wien beim ersten Anlauf [&#8230;] 2014 konnte ich dann meinen großen Traum verwirklichen und gründete mein eigenes Studio [&#8230;] in Wien. In den letzten 4 Jahren können wir auf ein stetes Wachstum des Unternehmens und zahlreiche internationale Auszeichnungen [&#8230;] zurückblicken und namhafte Kunden wie adidas, dm drogeriemarkt, OMV, Merkur Versicherung, PREFA betreuen.“</em></p>
</div>
<div class="wrap_quote_title"><h6 class="quote_title">Mag. Gerd Haselsteiner</h6>
<span class="quote_subtitle">Absolvent unseres Informatikzweiges</span>
</div>
</article>
</div>
<div class="cmsms_quote">
<article class="cmsms_quote_inner">
<div class="quote_content">
<p>
<em>„Als Dolmetscherin arbeite ich mit den Sprachen Spanisch und Französisch, für die damals im Unterricht bereits ein wichtiger Grundstein gelegt wurde, wobei ich die Sprachreisen nach Malaga und Montpellier in sehr guter Erinnerung behalten habe. Zu meiner Tätigkeit gehört es auch, mich für jeden Auftrag in ein völlig neues thematisches Gebiet einzuarbeiten und dabei auf ein breites Allgemeinwissen zurückgreifen zu können. Diese Neugier [&#8230;] wurde mir bereits in den Jahren am Gymnasium mit auf den Weg gegeben. Sie hat mich seither immer begleitet und nun auch in die Wissenschaft geführt.“ </em><strong> </strong></p>
</div>
<div class="wrap_quote_title"><h6 class="quote_title">Mag. Regina Rogl</h6>
<span class="quote_subtitle">Sprachenzweig (Maturajahrgang 2004), Universität Wien, Zentrum für Translationswissenschaft</span>
</div>
</article>
</div>
<div class="cmsms_quote">
<article class="cmsms_quote_inner">
<div class="quote_content">
<p><em> „Ich habe mich in der Oberstufe für den Sportzweig des Gymnasiums entschieden und bin mit dieser Entscheidung heute sehr zufrieden. [&#8230;] Das zusätzliche Hauptfach Sportkunde alleine ist es wert, diesen Zweig zu wählen, weil man unglaublich viel über den menschlichen Körper und die Auswirkungen durch sportliche Betätigung auf diesen erfährt. Ich kann dieses Wissen in allen sportlichen und gesundheitlichen Bereichen des Lebens einsetzen. Außerdem konnte ich durch den [&#8230;] zusätzlichen Schwerpunkt (Naturwissenschaften) meine Leidenschaft für Physik und Chemie entdecken.“</em></p>
</div>
<div class="wrap_quote_title"><h6 class="quote_title">Michaela Atschreiter</h6>
<span class="quote_subtitle">2011/12 Matura am Ostarrichi-Gymnasium/Sportzweig, Pädagogin (Deutsch, Physik und Chemie)</span>
</div>
</article>
</div>
<div class="cmsms_quote">
<article class="cmsms_quote_inner">
<div class="quote_content">
<p><em>„Zögert nicht parallel zum Leistungssport eine fundierte Ausbildung zu beginnen. Man lernt durch und für den Sport!“,</em> ist das Credo des 9-fachen Staatsmeisters im Inlineskaten.</p>
</div>
<div class="wrap_quote_title"><h6 class="quote_title">Christian Kromoser</h6>
<span class="quote_subtitle">Absolvent des Sportzweiges, Mediziner</span>
</div>
</article>
</div>
</div>
</div>
</div>
</div>
</div>
</div>
</div>
</div>
</div>
</div>
</div>
<div id="cmsms_row_69efa6d8626e9" class="cmsms_row cmsms_color_scheme_default">
<div class="cmsms_row_outer_parent">
<div class="cmsms_row_outer">
<div class="cmsms_row_inner">
<div class="cmsms_row_margin">
<div class="cmsms_column one_first">
<div id="cmsms_icon_box_69efa6d86294f" class="cmsms_icon_box cmsms_box_heading">
<div class="icon_box_inner">
<h1 class="cmsms-icon-news">83. Jahresbericht</h1>
<div class="icon_box_text">
<p style="text-align: center;"><div class="real3dflipbook" id="1_69efa6d862bdc" style="position:absolute;"></div>
</div>
</div>
</div>
<div id="cmsms_icon_box_69efa6d862c71" class="cmsms_icon_box cmsms_box_heading">
<div class="icon_box_inner">
<h1 class="cmsms-icon-contacts">80 Jahre Gymnasium</h1>
<div class="icon_box_text">
<p style="text-align: center;"><div class="real3dflipbook" id="2_69efa6d862ec1" style="position:absolute;"></div>
<h5 style="text-align: center;">2018 haben wir unseren 80. Geburtstag gefeiert. Hier die Sonderbeilage zur NÖN vom Herbst 2018.</h5>
</div>
</div>
</div>
<div class="cmsms_text">
<p>&nbsp;</p>
</div>
</div>
</div>
</div>
</div>
</div>
</div>
