{"id":4484,"date":"2015-05-03T18:34:49","date_gmt":"2015-05-03T16:34:49","guid":{"rendered":"http:\/\/gymnasium-amstetten.at\/?page_id=4484"},"modified":"2025-04-29T15:17:24","modified_gmt":"2025-04-29T13:17:24","slug":"bildungsberatung","status":"publish","type":"page","link":"https:\/\/www.bgamstetten.ac.at\/index.php\/angebote\/bildungsberatung\/","title":{"rendered":"Bildungsberatung"},"content":{"rendered":"<style type=\"text\/css\"> \n#cmsms_row_69ea4b8eca440 .cmsms_row_outer_parent { \n\tpadding-top: 30px; \n} \n\n<\/style><div id=\"cmsms_row_69ea4b8eca440\" class=\"cmsms_row cmsms_color_scheme_default\">\n<div class=\"cmsms_row_outer_parent\">\n<div class=\"cmsms_row_outer\">\n<div class=\"cmsms_row_inner\">\n<div class=\"cmsms_row_margin\">\n<div class=\"cmsms_column one_half\">\n<div class=\"content_slider_wrap\" style=\"max-width:580px;\">\n<script type=\"text\/javascript\">jQuery(document).ready(function () { jQuery(\"#cmsms_slider_69ea4b8eca755.content_slider\").owlCarousel( { singleItem : true, transitionStyle: false, rewindSpeed : 1000, slideSpeed : 600, autoHeight : true, paginationSpeed : \t600, autoPlay : 7000,stopOnHover: true, navigationText : \t[ \"<span class=\\\"cmsms_prev_arrow\\\"><\/span>\", \"<span class=\\\"cmsms_next_arrow\\\"><\/span>\" ] } );} );<\/script>\n<div id=\"cmsms_slider_69ea4b8eca755\" class=\"content_slider owl-carousel\">\n<div class=\"item\"><img decoding=\"async\" width=\"580\" height=\"387\" src=\"https:\/\/www.bgamstetten.ac.at\/wp-content\/uploads\/2022\/08\/WF193285-580x387.jpg\" class=\"attachment-project-masonry-thumb size-project-masonry-thumb\" alt=\"\" srcset=\"https:\/\/www.bgamstetten.ac.at\/wp-content\/uploads\/2022\/08\/WF193285-580x387.jpg 580w, https:\/\/www.bgamstetten.ac.at\/wp-content\/uploads\/2022\/08\/WF193285-300x200.jpg 300w, https:\/\/www.bgamstetten.ac.at\/wp-content\/uploads\/2022\/08\/WF193285-1024x683.jpg 1024w, https:\/\/www.bgamstetten.ac.at\/wp-content\/uploads\/2022\/08\/WF193285-768x512.jpg 768w, https:\/\/www.bgamstetten.ac.at\/wp-content\/uploads\/2022\/08\/WF193285-1536x1024.jpg 1536w, https:\/\/www.bgamstetten.ac.at\/wp-content\/uploads\/2022\/08\/WF193285-2048x1365.jpg 2048w, https:\/\/www.bgamstetten.ac.at\/wp-content\/uploads\/2022\/08\/WF193285-820x547.jpg 820w, https:\/\/www.bgamstetten.ac.at\/wp-content\/uploads\/2022\/08\/WF193285-1160x773.jpg 1160w\" sizes=\"(max-width: 580px) 100vw, 580px\" \/><\/div><div class=\"item\"><img decoding=\"async\" width=\"580\" height=\"387\" src=\"https:\/\/www.bgamstetten.ac.at\/wp-content\/uploads\/2022\/08\/WF204306-580x387.jpg\" class=\"attachment-project-masonry-thumb size-project-masonry-thumb\" alt=\"\" srcset=\"https:\/\/www.bgamstetten.ac.at\/wp-content\/uploads\/2022\/08\/WF204306-580x387.jpg 580w, https:\/\/www.bgamstetten.ac.at\/wp-content\/uploads\/2022\/08\/WF204306-300x200.jpg 300w, https:\/\/www.bgamstetten.ac.at\/wp-content\/uploads\/2022\/08\/WF204306-1024x683.jpg 1024w, https:\/\/www.bgamstetten.ac.at\/wp-content\/uploads\/2022\/08\/WF204306-768x512.jpg 768w, https:\/\/www.bgamstetten.ac.at\/wp-content\/uploads\/2022\/08\/WF204306-1536x1024.jpg 1536w, https:\/\/www.bgamstetten.ac.at\/wp-content\/uploads\/2022\/08\/WF204306-2048x1365.jpg 2048w, https:\/\/www.bgamstetten.ac.at\/wp-content\/uploads\/2022\/08\/WF204306-820x547.jpg 820w, https:\/\/www.bgamstetten.ac.at\/wp-content\/uploads\/2022\/08\/WF204306-1160x773.jpg 1160w\" sizes=\"(max-width: 580px) 100vw, 580px\" \/><\/div><div class=\"item\"><img decoding=\"async\" width=\"580\" height=\"386\" src=\"https:\/\/www.bgamstetten.ac.at\/wp-content\/uploads\/2022\/08\/WF190793-580x386.jpg\" class=\"attachment-project-masonry-thumb size-project-masonry-thumb\" alt=\"\" srcset=\"https:\/\/www.bgamstetten.ac.at\/wp-content\/uploads\/2022\/08\/WF190793-580x386.jpg 580w, https:\/\/www.bgamstetten.ac.at\/wp-content\/uploads\/2022\/08\/WF190793-300x200.jpg 300w, https:\/\/www.bgamstetten.ac.at\/wp-content\/uploads\/2022\/08\/WF190793-768x512.jpg 768w, https:\/\/www.bgamstetten.ac.at\/wp-content\/uploads\/2022\/08\/WF190793-820x546.jpg 820w, https:\/\/www.bgamstetten.ac.at\/wp-content\/uploads\/2022\/08\/WF190793.jpg 992w\" sizes=\"(max-width: 580px) 100vw, 580px\" \/><\/div><\/div>\n<\/div>\n<div class=\"cmsms_text\">\n<p>Als wichtige Schnittstelle zwischen Schulleitung, Eltern und Sch\u00fcler_innen fungieren die Bildungsberater_innen als Berater, Begleiter und kompetente Ansprechpersonen.<\/p>\n<p><strong>Wir informieren \u00fcber das Bildungskonzept<\/strong> des BG\/BRG Amstetten und dar\u00fcber hinaus bei Elternabenden in der Schule und au\u00dferhalb:<\/p>\n<ul>\n<li>Information f\u00fcr interessierte Eltern von Kindern in der 4. Schulstufe &#8211; im Gymnasium und in \u00f6rtlichen Volksschulen<\/li>\n<li>Grunds\u00e4tzliche Vorstellung des Bildungsweges am BG\/BRG Amstetten in der 5. Schulstufe<\/li>\n<li>Hilfestellungen zur Sprachwahl in der 6. Schulstufe<\/li>\n<li>Ausf\u00fchrliche Information \u00fcber Bildungsangebote nach der 8. Schulstufe<\/li>\n<li>Hinweise zur Entscheidungsfindung bez\u00fcglich Bildungsentscheidungen<\/li>\n<li>Vorstellung der Oberstufenzweige am BG\/BRG Amstetten<\/li>\n<li>Information \u00fcber Wahlpflichtf\u00e4cher und Matura in der Oberstufe<\/li>\n<\/ul>\n<p>Wir organisieren und gestalten den <a title=\"Link zur Veranstaltung\" href=\"https:\/\/www.bgamstetten.ac.at\/index.php\/aktuelles\/tag-der-offenen-tuer\/\" target=\"_blank\" rel=\"noopener noreferrer\">Tag der offenen T\u00fcr<\/a> als \u201eVisitenkarte\u201c unserer Schule.<\/p>\n<\/div>\n<\/div>\n<div class=\"cmsms_column one_half\">\n<div class=\"cmsms_text\">\n<p>Wir sind Ansprechpartner und Berater f\u00fcr den <strong>zuk\u00fcnftigen Bildungsweg<\/strong> der Sch\u00fclerInnen:<\/p>\n<ul>\n<li>Informationen f\u00fcr Sch\u00fclerInnen in der 7. und 8. Schulstufe (Hinweis auf diverse Programme zur Erleichterung von Bildungsentscheidungen, Bildungswege nach der 8. Schulstufe)<\/li>\n<li>Hinweise auf Informationsveranstaltungen im regionalen Umfeld durch Plakatierung und Flyer: Tage der offenen T\u00fcr, Bildungsinformationsangebote<\/li>\n<li>Kontinuierliche Weitergabe von Informationen zu Informationsveranstaltungen und Informationstagen an Universit\u00e4ten, Fachhochschulen und Kollegs<\/li>\n<li>Informationsveranstaltung f\u00fcr Sch\u00fclerInnen der 12. Schulstufe, gestaltet von AbsolventInnen des Gymnasiums als wesentlicher Beitrag zur Studieninformation, organisiert vom <a title=\"Link in eigenem Fenster \u00f6ffnen\" href=\"https:\/\/www.bgamstetten.ac.at\/index.php\/schule\/gemeinschaft\/absolventenverein\/\" target=\"_blank\" rel=\"noopener noreferrer\">Absolventenverein der Schule<\/a><\/li>\n<\/ul>\n<p>Wir pr\u00e4sentieren unser eigenes <strong>Bildungsangebot in der Oberstufe<\/strong> f\u00fcr Sch\u00fclerInnen des BG\/BRG Amstetten und interessierte Jugendliche von anderen Schulen an einem Freitag im Dezember mit Vortr\u00e4gen, <strong>Fragerunden<\/strong> und <strong>Workshops<\/strong>. Dar\u00fcber hinaus k\u00fcmmern wir uns um die Einteilung und Betreuung der <strong>Schnuppersch\u00fclerInnen<\/strong> in den <strong>5. Klassen<\/strong>.<\/p>\n<p style=\"text-align: left;\">Die Bildungsberatung des BG Amstetten setzt sich aus folgendem Team zusammen:<\/p>\n<div class=\"maindiv\">\n<div class=\"dreidiv\">\n<p style=\"text-align: center; margin: 0px;\"><img decoding=\"async\" class=\"rundesBild alignnone wp-image-58269\" title=\"MMag. Micha Sengschmid\" src=\"https:\/\/www.bgamstetten.ac.at\/wp-content\/uploads\/2025\/04\/DSC_1219.jpg\" alt=\"\" width=\"200\" height=\"277\" srcset=\"https:\/\/www.bgamstetten.ac.at\/wp-content\/uploads\/2025\/04\/DSC_1219.jpg 1535w, https:\/\/www.bgamstetten.ac.at\/wp-content\/uploads\/2025\/04\/DSC_1219-217x300.jpg 217w, https:\/\/www.bgamstetten.ac.at\/wp-content\/uploads\/2025\/04\/DSC_1219-739x1024.jpg 739w, https:\/\/www.bgamstetten.ac.at\/wp-content\/uploads\/2025\/04\/DSC_1219-768x1064.jpg 768w, https:\/\/www.bgamstetten.ac.at\/wp-content\/uploads\/2025\/04\/DSC_1219-1109x1536.jpg 1109w, https:\/\/www.bgamstetten.ac.at\/wp-content\/uploads\/2025\/04\/DSC_1219-1479x2048.jpg 1479w, https:\/\/www.bgamstetten.ac.at\/wp-content\/uploads\/2025\/04\/DSC_1219-580x803.jpg 580w, https:\/\/www.bgamstetten.ac.at\/wp-content\/uploads\/2025\/04\/DSC_1219-820x1136.jpg 820w, https:\/\/www.bgamstetten.ac.at\/wp-content\/uploads\/2025\/04\/DSC_1219-1160x1607.jpg 1160w\" sizes=\"(max-width: 200px) 100vw, 200px\" \/><br \/>\n<a href=\"mailto:micha.sengschmid@am-gym.at\"><strong>MMag. Micha Sengschmid<\/strong><\/a><\/p>\n<\/div>\n<div class=\"dreidiv\">\n<p style=\"text-align: center; margin: 0px;\"><img decoding=\"async\" class=\"rundesBild alignnone wp-image-49952 size-full\" src=\"https:\/\/www.bgamstetten.ac.at\/wp-content\/uploads\/2022\/07\/IngridLuegmayer.jpg\" alt=\"\" width=\"200\" height=\"277\" \/><br \/>\n<a href=\"mailto:ingrid.luegmayer@am-gym.at\"><strong>Mag. Ingrid Luegmayer<\/strong><\/a><\/p>\n<\/div>\n<div class=\"dreidiv\">\n<p style=\"text-align: center; margin: 0px;\"><img decoding=\"async\" class=\"rundesBild alignnone wp-image-58267\" title=\"Elke Wininger\" src=\"https:\/\/www.bgamstetten.ac.at\/wp-content\/uploads\/2025\/04\/DSC_2057.jpg\" alt=\"\" width=\"200\" height=\"277\" srcset=\"https:\/\/www.bgamstetten.ac.at\/wp-content\/uploads\/2025\/04\/DSC_2057.jpg 1535w, https:\/\/www.bgamstetten.ac.at\/wp-content\/uploads\/2025\/04\/DSC_2057-217x300.jpg 217w, https:\/\/www.bgamstetten.ac.at\/wp-content\/uploads\/2025\/04\/DSC_2057-739x1024.jpg 739w, https:\/\/www.bgamstetten.ac.at\/wp-content\/uploads\/2025\/04\/DSC_2057-768x1064.jpg 768w, https:\/\/www.bgamstetten.ac.at\/wp-content\/uploads\/2025\/04\/DSC_2057-1109x1536.jpg 1109w, https:\/\/www.bgamstetten.ac.at\/wp-content\/uploads\/2025\/04\/DSC_2057-1479x2048.jpg 1479w, https:\/\/www.bgamstetten.ac.at\/wp-content\/uploads\/2025\/04\/DSC_2057-580x803.jpg 580w, https:\/\/www.bgamstetten.ac.at\/wp-content\/uploads\/2025\/04\/DSC_2057-820x1136.jpg 820w, https:\/\/www.bgamstetten.ac.at\/wp-content\/uploads\/2025\/04\/DSC_2057-1160x1607.jpg 1160w\" sizes=\"(max-width: 200px) 100vw, 200px\" \/><br \/>\n<a href=\"mailto:winel@am-gym.at\"><strong>Mag. Elke Wininger<\/strong><\/a><\/p>\n<\/div>\n<\/div>\n<\/div>\n<\/div>\n<\/div>\n<\/div>\n<\/div>\n<\/div>\n<\/div>\n<div id=\"cmsms_row_69ea4b8ecbfe8\" class=\"cmsms_row cmsms_color_scheme_default\">\n<div class=\"cmsms_row_outer_parent\">\n<div class=\"cmsms_row_outer\">\n<div class=\"cmsms_row_inner\">\n<div class=\"cmsms_row_margin\">\n<div class=\"cmsms_column one_first\">\n<div class=\"cmsms_text\">\n<p>&nbsp;<\/p>\n<\/div>\n<\/div>\n<\/div>\n<\/div>\n<\/div>\n<\/div>\n<\/div>\n\n","protected":false},"excerpt":{"rendered":"","protected":false},"author":1,"featured_media":0,"parent":360,"menu_order":0,"comment_status":"closed","ping_status":"closed","template":"","meta":{"footnotes":""},"class_list":["post-4484","page","type-page","status-publish","hentry"],"_links":{"self":[{"href":"https:\/\/www.bgamstetten.ac.at\/index.php\/wp-json\/wp\/v2\/pages\/4484","targetHints":{"allow":["GET"]}}],"collection":[{"href":"https:\/\/www.bgamstetten.ac.at\/index.php\/wp-json\/wp\/v2\/pages"}],"about":[{"href":"https:\/\/www.bgamstetten.ac.at\/index.php\/wp-json\/wp\/v2\/types\/page"}],"author":[{"embeddable":true,"href":"https:\/\/www.bgamstetten.ac.at\/index.php\/wp-json\/wp\/v2\/users\/1"}],"replies":[{"embeddable":true,"href":"https:\/\/www.bgamstetten.ac.at\/index.php\/wp-json\/wp\/v2\/comments?post=4484"}],"version-history":[{"count":21,"href":"https:\/\/www.bgamstetten.ac.at\/index.php\/wp-json\/wp\/v2\/pages\/4484\/revisions"}],"predecessor-version":[{"id":58270,"href":"https:\/\/www.bgamstetten.ac.at\/index.php\/wp-json\/wp\/v2\/pages\/4484\/revisions\/58270"}],"up":[{"embeddable":true,"href":"https:\/\/www.bgamstetten.ac.at\/index.php\/wp-json\/wp\/v2\/pages\/360"}],"wp:attachment":[{"href":"https:\/\/www.bgamstetten.ac.at\/index.php\/wp-json\/wp\/v2\/media?parent=4484"}],"curies":[{"name":"wp","href":"https:\/\/api.w.org\/{rel}","templated":true}]}}