{"id":41063,"date":"2019-10-17T10:14:29","date_gmt":"2019-10-17T08:14:29","guid":{"rendered":"http:\/\/gymnasium-amstetten.at\/?page_id=41063"},"modified":"2025-10-27T20:20:55","modified_gmt":"2025-10-27T19:20:55","slug":"musikzweig","status":"publish","type":"page","link":"https:\/\/www.bgamstetten.ac.at\/index.php\/ausbildung\/oberstufe\/musikzweig\/","title":{"rendered":"Sprache und Musik"},"content":{"rendered":"<style type=\"text\/css\"> \n#cmsms_row_69dcdb9900f22 .cmsms_row_outer_parent { \n\tpadding-top: 30px; \n} \n\n#cmsms_row_69dcdb9900f22 .cmsms_row_outer_parent { \n\tpadding-bottom: 0px; \n} \n\n \n#cmsms_row_69dcdb9901304 .cmsms_row_outer_parent { \n\tpadding-top: 0px; \n} \n\n#cmsms_row_69dcdb9901304 .cmsms_row_outer_parent { \n\tpadding-bottom: 50px; \n} \n\n<\/style><div id=\"cmsms_row_69dcdb9900f22\" class=\"cmsms_row cmsms_color_scheme_default\">\n<div class=\"cmsms_row_outer_parent\">\n<div class=\"cmsms_row_outer\">\n<div class=\"cmsms_row_inner\">\n<div class=\"cmsms_row_margin\">\n<div class=\"cmsms_column one_half\">\n<div class=\"cmsms_text\">\n<p><img decoding=\"async\" class=\"rundesBild alignleft wp-image-59680 size-blog-masonry-thumb\" src=\"https:\/\/www.bgamstetten.ac.at\/wp-content\/uploads\/2025\/10\/musik-580x390.jpg\" alt=\"\" width=\"580\" height=\"390\" \/><\/p>\n<p>Der Schwerpunkt Musik, der als Gymnasium weiterl\u00e4uft, verbindet die h\u00f6here Allgemeinbildung mit einem musikalischen und sprachlichen Schwerpunkt. In der heutigen Zeit ist der Aspekt der Teamf\u00e4higkeit und der Kreativit\u00e4t ein unverzichtbarer Teil des Berufslebens. Der Schwerpunkt Musik st\u00e4rkt diese &#8222;soft skills&#8220; f\u00fcr dein weiteres Leben wesentlich.<\/p>\n<p><strong>Was dich grunds\u00e4tzlich im Schwerpunkt Musik erwartet<\/strong><\/p>\n<p>Die Ausbildung im Schwerpunkt Musik legt ihr Gewicht auf das praktische Musizieren. Das Gymnasium versteht sich auch als grundlegend allgemeinbildend, das hei\u00dft, dir stehen nach der Matura verschiedenste M\u00f6glichkeiten offen, f\u00fcr die bei uns eine gute Grundlage gelegt wird.<\/p>\n<\/div>\n<\/div>\n<div class=\"cmsms_column one_half\">\n<div class=\"cmsms_text\">\n<p>Im Schwerpunkt Musik nimmt das Fach Musik den gr\u00f6\u00dften Stellenwert ein. Besonders der musikpraktische Aspekt ist uns wichtig. So gibt es in der f\u00fcnften und sechsten Klasse das Fach Vokalpraxis, wo im Chor und in Kleingruppen gesungen wird. Eine gut ausgebildete Stimme und Teamf\u00e4higkeit sind in der heutigen Zeit von gro\u00dfer Bedeutung und geben dir wichtige &#8222;soft skills&#8220; f\u00fcr deinen weiteren Lebensweg. \u00dcberdies setzt du dich im Fach Musik-Informatik mit Musikbearbeitung und vielem mehr am Computer auseinander. Das instrumentale Musizieren steht in der sechsten Klasse im Fach &#8222;Ensemble\/Band&#8220; im Vordergrund, hier werden erste Schritte mit Bandinstrumenten einge\u00fcbt und auf den eigenen Instrumenten in Kleingruppen oder Bands musiziert. Im vertiefenden Fach Musikerziehung (6. und 7. Klasse) k\u00f6nnen individuelle Schwerpunkte gesetzt werden und Inhalte des Pflichtfachs Musikerziehung genauer behandelt werden.<\/p>\n<p>Au\u00dferdem erlernst du im Gymnasium eine neue Sprache &#8211; wenn du Latein ab der dritten Klasse besuchst, dann kannst du zwischen Franz\u00f6sisch und Spanisch w\u00e4hlen. Hast du in der Unterstufe Franz\u00f6sisch gew\u00e4hlt, dann ist Latein f\u00fcr dich Pflicht.<\/p>\n<p><strong>Was dir der Musikzweig im Gymnasium noch bietet<\/strong><\/p>\n<p>Besuche von Konzerten und Musicals und musikbezogene Exkursionen sind f\u00fcr uns wichtige Erg\u00e4nzungen des Unterrichts und Standardprogramm im Musikzweig. Die verschiedenen Auftritte im Orchester, in den Ensembles und im Chor sind unvergessliche Erlebnisse, die dich ein Leben lang pr\u00e4gen werden. Du bist herzlich eingeladen, im schuleigenen Orchester mitzuwirken, das jedes Jahr das schulische Leben durch mindestens drei Konzerte bereichert (Weihnachtskonzert, Absolventenkonzert, Konzert im Schulhof) So werden etwa beim allj\u00e4hrlichen Absolventenkonzert bedeutende klassische Werke aufgef\u00fchrt, die gemeinsam mit Absolventen, Lehrern und Freunden des Gymnasiums im gro\u00dfen Sinfonieorchester erarbeitet werden.<\/p>\n<p>In den Sprachen, die du einige Stunden in der Woche trainierst, steht dir auch die M\u00f6glichkeit offen, Sprachzertifikate zu erwerben. (z.B.Cambridge Certificate (<em>Englisch<\/em>); Delf (<em>Franz\u00f6sisch<\/em>); Dele (Spanisch); Clida P3 (Italienisch &#8211; Wahlpflichtfach) Sprach- und\/oder Kulturwochen geben dir die Gelegenheit, dich mit der Kultur und Sprache eines Landes \u00fcber den Unterricht hinaus vertraut zu machen.<\/p>\n<p><strong>Wenn du Musik liebst, gerne aktiv musizierst, dich auch f\u00fcr das Erlernen von Sprachen interessierst und dir eine umfassende Allgemeinbildung wichtig ist, dann ist der Schwerpunkt Musik f\u00fcr dich genau richtig.<\/strong><\/p>\n<p><a href=\"https:\/\/www.bgamstetten.ac.at\/wp-content\/uploads\/2025\/10\/Sprache-u-Musik-Stundentafel-Oberstufe.pdf\" target=\"_blank\" rel=\"noopener\">Stundentafel anzeigen<\/a><\/p>\n<\/div>\n<\/div>\n<\/div>\n<\/div>\n<\/div>\n<\/div>\n<\/div>\n<div id=\"cmsms_row_69dcdb9901304\" class=\"cmsms_row cmsms_color_scheme_default\">\n<div class=\"cmsms_row_outer_parent\">\n<div class=\"cmsms_row_outer\">\n<div class=\"cmsms_row_inner\">\n<div class=\"cmsms_row_margin\">\n<div class=\"cmsms_column one_first\">\n<div class=\"cmsms_wrap_blog entry-summary\" id=\"blog_69dcdb99013ca\"><script type=\"text\/javascript\">\njQuery(document).ready(function () {\n\t(function ($) {\n\t\tif ($('#blog_69dcdb99013ca').find('article').length == '0') {\n\t\t\treturn false;\n\t\t}\n\t\t\n\t\n\t\tstartBlog( \n\t\t\t'69dcdb99013ca', \n\t\t\t'columns', \n\t\t\t'masonry', \n\t\t\t'https:\/\/www.bgamstetten.ac.at\/wp-content\/plugins\/cmsms-content-composer\/', \n\t\t\t'date', \n\t\t\t'DESC', \n\t\t\t'4', \n\t\t\t'musikalisches-und-kreatives', \n\t\t\t'date,more' \n\t\t);\n\t} )(jQuery);\n} );\n<\/script>\n<div class=\"blog columns masonry cmsms_4\">\r\n<!--_________________________ Start Standard Article _________________________ -->\r\n\r\n<article id=\"post-60222\" class=\"cmsms_masonry_type post-60222 post type-post status-publish format-standard has-post-thumbnail hentry category-123 category-aktuelles category-musikalisches-und-kreatives tag-musikalisches-und-kreatives\" data-category=\"202526 aktuelles musikalisches-und-kreatives\">\r\n\t<span class=\"cmsms_post_format_img  cmsms-icon-desktop-3\"><\/span>\r\n\t<div class=\"cmsms_post_cont\">\r\n\t<figure><a href=\"https:\/\/www.bgamstetten.ac.at\/index.php\/2025\/12\/18\/teamwork-wohlklang-und-weihnachtsstimmung\/\" title=\"Teamwork, Wohlklang und Weihnachtsstimmung\" class=\"cmsms_img_link preloader\"><img decoding=\"async\" width=\"580\" height=\"390\" src=\"https:\/\/www.bgamstetten.ac.at\/wp-content\/uploads\/2025\/12\/Xmas25_c_pregartner_30-580x390.jpeg\" class=\"full-width wp-post-image\" alt=\"Teamwork, Wohlklang und Weihnachtsstimmung\" title=\"Teamwork, Wohlklang und Weihnachtsstimmung\" \/><\/a><\/figure><header class=\"cmsms_post_header entry-header\"><h2 class=\"cmsms_post_title entry-title\"><a href=\"https:\/\/www.bgamstetten.ac.at\/index.php\/2025\/12\/18\/teamwork-wohlklang-und-weihnachtsstimmung\/\">Teamwork, Wohlklang und Weihnachtsstimmung<\/a><\/h2><\/header><div class=\"cmsms_post_content entry-content\">\n<p>Diese drei Schlagw\u00f6rter beschreiben das Weihnachtskonzert am 18.Dezmber an unserer Schule treffend. Viele unterschiedliche Kr\u00e4fte wurden geb\u00fcndelt und trugen dazu bei, dass f\u00fcr die vielen,...<\/p>\n<\/div>\n<footer class=\"cmsms_post_footer entry-meta tar\"><div class=\"cmsms_post_meta_info\"><abbr class=\"published cmsms_post_date cmsms-icon-calendar-8\" title=\"Dezember 18, 2025\">Dezember 18, 2025<\/abbr><abbr class=\"dn date updated\" title=\"Dezember 23, 2025\">Dezember 23, 2025<\/abbr><\/div><a class=\"button cmsms_post_read_more\" href=\"https:\/\/www.bgamstetten.ac.at\/index.php\/2025\/12\/18\/teamwork-wohlklang-und-weihnachtsstimmung\/\">weiterlesen ...<\/a><\/footer>\t<\/div>\r\n<\/article>\r\n<!--_________________________ Finish Standard Article _________________________ -->\r\n\r\n\r\n<!--_________________________ Start Standard Article _________________________ -->\r\n\r\n<article id=\"post-60184\" class=\"cmsms_masonry_type post-60184 post type-post status-publish format-standard has-post-thumbnail hentry category-123 category-aktuelles category-allgemein category-sportliches category-digitale-medien-technologien category-musikalisches-und-kreatives category-nawi category-ski-am-gym category-sprachen\" data-category=\"202526 aktuelles allgemein sportliches digitale-medien-technologien musikalisches-und-kreatives nawi ski-am-gym sprachen\">\r\n\t<span class=\"cmsms_post_format_img  cmsms-icon-desktop-3\"><\/span>\r\n\t<div class=\"cmsms_post_cont\">\r\n\t<figure><a href=\"https:\/\/www.bgamstetten.ac.at\/index.php\/2025\/12\/17\/ski-und-gemeinschaftstag-der-1-und-2-klassen-ein-unvergessliches-erlebnis\/\" title=\"Ski- und Gemeinschaftstag der 1. und 2. Klassen &#8211; ein unvergessliches Erlebnis\" class=\"cmsms_img_link preloader\"><img decoding=\"async\" width=\"580\" height=\"390\" src=\"https:\/\/www.bgamstetten.ac.at\/wp-content\/uploads\/2025\/12\/IMG_1130-580x390.jpg\" class=\"full-width wp-post-image\" alt=\"Ski- und Gemeinschaftstag der 1. und 2. Klassen &#8211; ein unvergessliches Erlebnis\" title=\"Ski- und Gemeinschaftstag der 1. und 2. Klassen &#8211; ein unvergessliches Erlebnis\" \/><\/a><\/figure><header class=\"cmsms_post_header entry-header\"><h2 class=\"cmsms_post_title entry-title\"><a href=\"https:\/\/www.bgamstetten.ac.at\/index.php\/2025\/12\/17\/ski-und-gemeinschaftstag-der-1-und-2-klassen-ein-unvergessliches-erlebnis\/\">Ski- und Gemeinschaftstag der 1. und 2. Klassen &#8211; ein unvergessliches Erlebnis<\/a><\/h2><\/header><div class=\"cmsms_post_content entry-content\">\n<p>Der 17. Dezember stand ganz im Zeichen der gelebten Schulgemeinschaft. \u00dcber 100 Sch\u00fclerInnen der 1. und 2. Klassen machten sich gemeinsam mit 14 LehrerInnen und...<\/p>\n<\/div>\n<footer class=\"cmsms_post_footer entry-meta tar\"><div class=\"cmsms_post_meta_info\"><abbr class=\"published cmsms_post_date cmsms-icon-calendar-8\" title=\"Dezember 17, 2025\">Dezember 17, 2025<\/abbr><abbr class=\"dn date updated\" title=\"Dezember 18, 2025\">Dezember 18, 2025<\/abbr><\/div><a class=\"button cmsms_post_read_more\" href=\"https:\/\/www.bgamstetten.ac.at\/index.php\/2025\/12\/17\/ski-und-gemeinschaftstag-der-1-und-2-klassen-ein-unvergessliches-erlebnis\/\">weiterlesen ...<\/a><\/footer>\t<\/div>\r\n<\/article>\r\n<!--_________________________ Finish Standard Article _________________________ -->\r\n\r\n\r\n<!--_________________________ Start Standard Article _________________________ -->\r\n\r\n<article id=\"post-59874\" class=\"cmsms_masonry_type post-59874 post type-post status-publish format-standard has-post-thumbnail hentry category-123 category-aktuelles category-allgemein category-sportliches category-bildungsberatung category-musikalisches-und-kreatives category-nawi category-sprachen\" data-category=\"202526 aktuelles allgemein sportliches bildungsberatung musikalisches-und-kreatives nawi sprachen\">\r\n\t<span class=\"cmsms_post_format_img  cmsms-icon-desktop-3\"><\/span>\r\n\t<div class=\"cmsms_post_cont\">\r\n\t<figure><a href=\"https:\/\/www.bgamstetten.ac.at\/index.php\/2025\/11\/07\/future-challenge-am-bg-brg-amstetten\/\" title=\"\u201eFuture Challenge\u201c am BG\/BRG Amstetten\u00a0\" class=\"cmsms_img_link preloader\"><img decoding=\"async\" width=\"580\" height=\"390\" src=\"https:\/\/www.bgamstetten.ac.at\/wp-content\/uploads\/2025\/11\/IMG_7966-580x390.jpg\" class=\"full-width wp-post-image\" alt=\"\u201eFuture Challenge\u201c am BG\/BRG Amstetten\u00a0\" title=\"\u201eFuture Challenge\u201c am BG\/BRG Amstetten\u00a0\" \/><\/a><\/figure><header class=\"cmsms_post_header entry-header\"><h2 class=\"cmsms_post_title entry-title\"><a href=\"https:\/\/www.bgamstetten.ac.at\/index.php\/2025\/11\/07\/future-challenge-am-bg-brg-amstetten\/\">\u201eFuture Challenge\u201c am BG\/BRG Amstetten\u00a0<\/a><\/h2><\/header><div class=\"cmsms_post_content entry-content\">\n<p>Zur \u201eFuture Challenge\u201c lud das BG\/BRG Amstetten am 7. November. Sch\u00fclerinnen und Sch\u00fcler der Schule und einiger anderer Mittelschulen und Gymnasien erfuhren an diesem Vormittag...<\/p>\n<\/div>\n<footer class=\"cmsms_post_footer entry-meta tar\"><div class=\"cmsms_post_meta_info\"><abbr class=\"published cmsms_post_date cmsms-icon-calendar-8\" title=\"November 7, 2025\">November 7, 2025<\/abbr><abbr class=\"dn date updated\" title=\"November 9, 2025\">November 9, 2025<\/abbr><\/div><a class=\"button cmsms_post_read_more\" href=\"https:\/\/www.bgamstetten.ac.at\/index.php\/2025\/11\/07\/future-challenge-am-bg-brg-amstetten\/\">weiterlesen ...<\/a><\/footer>\t<\/div>\r\n<\/article>\r\n<!--_________________________ Finish Standard Article _________________________ -->\r\n\r\n\r\n<!--_________________________ Start Standard Article _________________________ -->\r\n\r\n<article id=\"post-58782\" class=\"cmsms_masonry_type post-58782 post type-post status-publish format-standard has-post-thumbnail hentry category-119 category-aktuelles category-musikalisches-und-kreatives\" data-category=\"202425 aktuelles musikalisches-und-kreatives\">\r\n\t<span class=\"cmsms_post_format_img  cmsms-icon-desktop-3\"><\/span>\r\n\t<div class=\"cmsms_post_cont\">\r\n\t<figure><a href=\"https:\/\/www.bgamstetten.ac.at\/index.php\/2025\/05\/28\/singende-klingende-schule-in-gold\/\" title=\"Singende, Klingende Schule in GOLD!\" class=\"cmsms_img_link preloader\"><img decoding=\"async\" width=\"580\" height=\"390\" src=\"https:\/\/www.bgamstetten.ac.at\/wp-content\/uploads\/2025\/05\/1-580x390.jpg\" class=\"full-width wp-post-image\" alt=\"Singende, Klingende Schule in GOLD!\" title=\"Singende, Klingende Schule in GOLD!\" \/><\/a><\/figure><header class=\"cmsms_post_header entry-header\"><h2 class=\"cmsms_post_title entry-title\"><a href=\"https:\/\/www.bgamstetten.ac.at\/index.php\/2025\/05\/28\/singende-klingende-schule-in-gold\/\">Singende, Klingende Schule in GOLD!<\/a><\/h2><\/header><div class=\"cmsms_post_content entry-content\">\n<p>Heute wurden Mag. Sengschmid und Mag. Lackinger &#8211; als Vertreter der Musik-Fachgruppe an unserer Schule &#8211; von Bildungsdirektor Mag. Karl Fritthum und Bildungslandesr\u00e4tin Mag. Christiane...<\/p>\n<\/div>\n<footer class=\"cmsms_post_footer entry-meta tar\"><div class=\"cmsms_post_meta_info\"><abbr class=\"published cmsms_post_date cmsms-icon-calendar-8\" title=\"Mai 28, 2025\">Mai 28, 2025<\/abbr><abbr class=\"dn date updated\" title=\"Mai 30, 2025\">Mai 30, 2025<\/abbr><\/div><a class=\"button cmsms_post_read_more\" href=\"https:\/\/www.bgamstetten.ac.at\/index.php\/2025\/05\/28\/singende-klingende-schule-in-gold\/\">weiterlesen ...<\/a><\/footer>\t<\/div>\r\n<\/article>\r\n<!--_________________________ Finish Standard Article _________________________ -->\r\n\r\n<\/div><div class=\"cmsms_wrap_more_posts\"><div class=\"cmsms_wrap_pagination\"><ul class='page-numbers'>\n\t<li><span aria-current=\"page\" class=\"page-numbers current\">1<\/span><\/li>\n\t<li><a class=\"page-numbers\" href=\"https:\/\/www.bgamstetten.ac.at\/index.php\/wp-json\/wp\/v2\/pages\/41063\/page\/2\/\">2<\/a><\/li>\n\t<li><a class=\"page-numbers\" href=\"https:\/\/www.bgamstetten.ac.at\/index.php\/wp-json\/wp\/v2\/pages\/41063\/page\/3\/\">3<\/a><\/li>\n\t<li><span class=\"page-numbers dots\">&hellip;<\/span><\/li>\n\t<li><a class=\"page-numbers\" href=\"https:\/\/www.bgamstetten.ac.at\/index.php\/wp-json\/wp\/v2\/pages\/41063\/page\/20\/\">20<\/a><\/li>\n\t<li><a class=\"next page-numbers\" href=\"https:\/\/www.bgamstetten.ac.at\/index.php\/wp-json\/wp\/v2\/pages\/41063\/page\/2\/\"><span class=\"cmsms_next_arrow\"><span><\/span><\/span><\/a><\/li>\n<\/ul>\n<\/div><\/div><\/div>\n<\/div>\n<\/div>\n<\/div>\n<\/div>\n<\/div>\n<\/div>\n\n","protected":false},"excerpt":{"rendered":"","protected":false},"author":1,"featured_media":0,"parent":45329,"menu_order":0,"comment_status":"closed","ping_status":"closed","template":"","meta":{"footnotes":""},"class_list":["post-41063","page","type-page","status-publish","hentry"],"_links":{"self":[{"href":"https:\/\/www.bgamstetten.ac.at\/index.php\/wp-json\/wp\/v2\/pages\/41063","targetHints":{"allow":["GET"]}}],"collection":[{"href":"https:\/\/www.bgamstetten.ac.at\/index.php\/wp-json\/wp\/v2\/pages"}],"about":[{"href":"https:\/\/www.bgamstetten.ac.at\/index.php\/wp-json\/wp\/v2\/types\/page"}],"author":[{"embeddable":true,"href":"https:\/\/www.bgamstetten.ac.at\/index.php\/wp-json\/wp\/v2\/users\/1"}],"replies":[{"embeddable":true,"href":"https:\/\/www.bgamstetten.ac.at\/index.php\/wp-json\/wp\/v2\/comments?post=41063"}],"version-history":[{"count":18,"href":"https:\/\/www.bgamstetten.ac.at\/index.php\/wp-json\/wp\/v2\/pages\/41063\/revisions"}],"predecessor-version":[{"id":59805,"href":"https:\/\/www.bgamstetten.ac.at\/index.php\/wp-json\/wp\/v2\/pages\/41063\/revisions\/59805"}],"up":[{"embeddable":true,"href":"https:\/\/www.bgamstetten.ac.at\/index.php\/wp-json\/wp\/v2\/pages\/45329"}],"wp:attachment":[{"href":"https:\/\/www.bgamstetten.ac.at\/index.php\/wp-json\/wp\/v2\/media?parent=41063"}],"curies":[{"name":"wp","href":"https:\/\/api.w.org\/{rel}","templated":true}]}}