{"id":351,"date":"2014-11-15T16:18:57","date_gmt":"2014-11-15T14:18:57","guid":{"rendered":"http:\/\/localhost\/amgym\/?page_id=351"},"modified":"2025-03-18T18:42:04","modified_gmt":"2025-03-18T17:42:04","slug":"nachmittagsbetreuung","status":"publish","type":"page","link":"https:\/\/www.bgamstetten.ac.at\/index.php\/angebote\/nachmittagsbetreuung\/","title":{"rendered":"Nachmittagsbetreuung"},"content":{"rendered":"<style type=\"text\/css\"> \n#cmsms_row_6a0034cb82d4a .cmsms_row_outer_parent { \n\tpadding-top: 30px; \n} \n\n<\/style><div id=\"cmsms_row_6a0034cb82d4a\" class=\"cmsms_row cmsms_color_scheme_default\">\n<div class=\"cmsms_row_outer_parent\">\n<div class=\"cmsms_row_outer\">\n<div class=\"cmsms_row_inner\">\n<div class=\"cmsms_row_margin\">\n<div class=\"cmsms_column one_half\">\n<div class=\"cmsms_text\">\n<div class=\"content_slider_wrap\" style=\"max-width:580px;\">\n<script type=\"text\/javascript\">jQuery(document).ready(function () { jQuery(\"#cmsms_slider_6a0034cb8308e.content_slider\").owlCarousel( { singleItem : true, transitionStyle: false, rewindSpeed : 1000, slideSpeed : 600, autoHeight : true, paginationSpeed : \t600, autoPlay : 7000,stopOnHover: true, navigationText : \t[ \"<span class=\\\"cmsms_prev_arrow\\\"><\/span>\", \"<span class=\\\"cmsms_next_arrow\\\"><\/span>\" ] } );} );<\/script>\n<div id=\"cmsms_slider_6a0034cb8308e\" class=\"content_slider owl-carousel\">\n<div class=\"item\"><img decoding=\"async\" width=\"580\" height=\"387\" src=\"https:\/\/www.bgamstetten.ac.at\/wp-content\/uploads\/2022\/08\/WF190627-580x387.jpg\" class=\"attachment-project-masonry-thumb size-project-masonry-thumb\" alt=\"\" srcset=\"https:\/\/www.bgamstetten.ac.at\/wp-content\/uploads\/2022\/08\/WF190627-580x387.jpg 580w, https:\/\/www.bgamstetten.ac.at\/wp-content\/uploads\/2022\/08\/WF190627-300x200.jpg 300w, https:\/\/www.bgamstetten.ac.at\/wp-content\/uploads\/2022\/08\/WF190627-1024x683.jpg 1024w, https:\/\/www.bgamstetten.ac.at\/wp-content\/uploads\/2022\/08\/WF190627-768x512.jpg 768w, https:\/\/www.bgamstetten.ac.at\/wp-content\/uploads\/2022\/08\/WF190627-1536x1024.jpg 1536w, https:\/\/www.bgamstetten.ac.at\/wp-content\/uploads\/2022\/08\/WF190627-2048x1365.jpg 2048w, https:\/\/www.bgamstetten.ac.at\/wp-content\/uploads\/2022\/08\/WF190627-820x547.jpg 820w, https:\/\/www.bgamstetten.ac.at\/wp-content\/uploads\/2022\/08\/WF190627-1160x773.jpg 1160w\" sizes=\"(max-width: 580px) 100vw, 580px\" \/><\/div><div class=\"item\"><img decoding=\"async\" width=\"580\" height=\"387\" src=\"https:\/\/www.bgamstetten.ac.at\/wp-content\/uploads\/2022\/08\/WF190312-580x387.jpg\" class=\"attachment-project-masonry-thumb size-project-masonry-thumb\" alt=\"\" srcset=\"https:\/\/www.bgamstetten.ac.at\/wp-content\/uploads\/2022\/08\/WF190312-580x387.jpg 580w, https:\/\/www.bgamstetten.ac.at\/wp-content\/uploads\/2022\/08\/WF190312-300x200.jpg 300w, https:\/\/www.bgamstetten.ac.at\/wp-content\/uploads\/2022\/08\/WF190312-1024x683.jpg 1024w, https:\/\/www.bgamstetten.ac.at\/wp-content\/uploads\/2022\/08\/WF190312-768x512.jpg 768w, https:\/\/www.bgamstetten.ac.at\/wp-content\/uploads\/2022\/08\/WF190312-1536x1024.jpg 1536w, https:\/\/www.bgamstetten.ac.at\/wp-content\/uploads\/2022\/08\/WF190312-2048x1365.jpg 2048w, https:\/\/www.bgamstetten.ac.at\/wp-content\/uploads\/2022\/08\/WF190312-820x547.jpg 820w, https:\/\/www.bgamstetten.ac.at\/wp-content\/uploads\/2022\/08\/WF190312-1160x773.jpg 1160w\" sizes=\"(max-width: 580px) 100vw, 580px\" \/><\/div><\/div>\n<\/div>\n<h3><span style=\"color: #800000;\">Anmeldung<\/span><\/h3>\n<ul>\n<li>Die Anmeldung f\u00fcr die Nachmittagsbetreuung ist f\u00fcr die ganze Woche (Montag bis Freitag) oder auch f\u00fcr einzelne Wochentage m\u00f6glich.<\/li>\n<li><strong>Wochentage k\u00f6nnen bei Bedarf von Woche zu Woche flexibel ver\u00e4ndert werden, nur die Gesamtzahl der Tage pro Woche muss gleich bleiben! (Bei wechselnden Betreuungstagen soll sp\u00e4testens in der Vorwoche die Verst\u00e4ndigung f\u00fcr die ben\u00f6tigten Tage per Schoolfox an den NABE-Koordinator erfolgen -&gt; diesbez\u00fcglich wird eine eigene Schoolfox-Gruppe angelegt)<\/strong><\/li>\n<li>Die Anmeldung gilt grunds\u00e4tzlich f\u00fcr ein Schuljahr.<\/li>\n<li>Eine Abmeldung ist zu Semesterende oder bei Vorliegen ber\u00fccksichtigungsw\u00fcrdiger Gr\u00fcnde m\u00f6glich.<\/li>\n<li>Wenn Sie f\u00fcr Ihr Kind die Nachmittagsbetreuung in Anspruch nehmen m\u00f6chten, f\u00fcllen Sie das <a href=\"https:\/\/drive.google.com\/file\/d\/1E895LnO_jVhJnsXO8CCTWNVnzDebL_Qk\/view?usp=sharing\" target=\"_blank\" rel=\"noopener\">Anmeldeformular<\/a> (zweiseitig) aus und geben Sie dieses beim Klassenvorstand oder im Sekretariat in der 1. Schulwoche ab.<\/li>\n<\/ul>\n<h3><span style=\"color: #800000;\">Ansprechperson<\/span><\/h3>\n<p>Bei Fragen k\u00f6nnen Sie sich gerne an den NABE-Koordinator wenden, der jederzeit erreichbar ist unter: markus.handsteiner@am-gym.at<\/p>\n<p>Eine Stunde vor dem 1.Klassen-Elternabend im September findet eine NABE-Information statt. Treffpunkt ist im NABE-Lernraum, 1. Stock Mitte (gleich beim Eingang die erste Stiege rechts raufgehen und dann rechts halten im Mitteltrakt). Dieser Abend bietet Ihnen die M\u00f6glichkeit, n\u00e4here Informationen rund um das Betreuungsangebot zu erhalten sowie W\u00fcnsche und Anregungen zu deponieren.<\/p>\n<p><a href=\"https:\/\/drive.google.com\/file\/d\/1E7f9mBbXaGHryiRkyOjTOEy3HpEC14mq\/view?usp=sharing\" target=\"_blank\" rel=\"noopener noreferrer\">Elterninformationen Nachmittagsbetreuung<\/a><\/p>\n<\/div>\n<\/div>\n<div class=\"cmsms_column one_half\">\n<div class=\"cmsms_text\">\n<p>Im Rahmen der\u00a0Nachmittagsbetreuung wird Ihr Kind auf folgende Weise von Lehrern unserer Schule betreut:<\/p>\n<ul>\n<li><strong>Gemeinsame Mittagspause<\/strong>: Gemeinsames Essen im Berufsschulheim (ALL YOU CAN EAT BUFFET: Suppen, unterschiedliche Hauptmen\u00fcs, Salatbuffet, Obst, Nachspeise, gro\u00dfe Getr\u00e4nkeauswahl) und Bewegung (Fu\u00dfweg und ev. Motorikpark)<\/li>\n<li><strong>Lernzeit:<\/strong> Die NABE-Lehrkraft hilft bei der Haus\u00fcbung und wiederholt mit den Kindern bei Bedarf den Lernstoff.<\/li>\n<li><strong>Freizeit<\/strong>: Lehrer\/innen aus dem musisch\/kreativen, bewegungsorientierten und\/ oder naturwissenschaftlichen Bereich\/ Informatik bieten unterschiedliche Angebote an und betreuen Ihr Kind bei verschiedenen Freizeitaktivit\u00e4ten. Auch der NABE-Freizeitraum kann nat\u00fcrlich genutzt werden. Hier befinden sich beispielsweise Gesellschaftsspiele, B\u00fccher, Tischfu\u00dfball, Billiardtisch, Koordinationspiele, Trampolin.<\/li>\n<\/ul>\n<p>Die Nachmittagsbetreuung beginnt um <strong>13:00 Uhr<\/strong> (Treffpunkt: NABE-Lernraum, 1.Stock Mitte) und endet sp\u00e4testens um <strong>16:10 Uhr.<\/strong><\/p>\n<h3><span style=\"color: #800000;\">Kosten und Zahlungsart<\/span><\/h3>\n<p>F\u00fcr die Inanspruchnahme der Nachmittagsbetreuung ist ein staatlich vorgegebener Betreuungsbetrag zu entrichten. Dieser betr\u00e4gt pro Monat \u20ac 26,40 f\u00fcr einen Nachmittag pro Woche. Nimmt ein Kind jede Woche von Montag bis Freitag (an f\u00fcnf Tagen) an der Nachmittagsbetreuung teil, so sind \u20ac 88,- pro Monat zu entrichten. Der Beitrag kann aus sozialen Gr\u00fcnden reduziert werden.<\/p>\n<p>Der Betreuungsbeitrag ist mit \u00dcberweisung (Zahlschein oder E-Banking) zu entrichten an: BGYM Amstetten \u2013 IBAN AT90 0100 0000 0538 0017. Im Feld Verwendungszweck geben Sie bitte folgende Information an: Betreuungsbeitrag + Name des Sch\u00fclers\/der Sch\u00fclerin. Da der Betreuungsbeitrag jeweils am 15. des Monats f\u00e4llig ist, ersuchen wir Sie um rechtzeitige \u00dcberweisung. Das Mittagessen ist separat (zurzeit: \u20ac 4,50 pro Mittagessen) zu bezahlen.<\/p>\n<p>Wenn Sie Ihr Kind nur f\u00fcr einzelne Tage anmelden, gilt folgendes:<\/p>\n<fieldset>\n<table border=\"1\" width=\"300\">\n<tbody>\n<tr>\n<td>1 Tag<\/td>\n<td>26,40 \u20ac<\/td>\n<\/tr>\n<tr>\n<td>2 Tage<\/td>\n<td>35,20 \u20ac<\/td>\n<\/tr>\n<tr>\n<td>3 Tage<\/td>\n<td>52,80 \u20ac<\/td>\n<\/tr>\n<tr>\n<td>4 Tage<\/td>\n<td>70,40 \u20ac<\/td>\n<\/tr>\n<tr>\n<td>5 Tage<\/td>\n<td>88,00 \u20ac<\/td>\n<\/tr>\n<\/tbody>\n<\/table>\n<\/fieldset>\n<div><\/div>\n<\/div>\n<\/div>\n<\/div>\n<\/div>\n<\/div>\n<\/div>\n<\/div>\n\n","protected":false},"excerpt":{"rendered":"","protected":false},"author":1,"featured_media":0,"parent":360,"menu_order":0,"comment_status":"closed","ping_status":"closed","template":"","meta":{"footnotes":""},"class_list":["post-351","page","type-page","status-publish","hentry"],"_links":{"self":[{"href":"https:\/\/www.bgamstetten.ac.at\/index.php\/wp-json\/wp\/v2\/pages\/351","targetHints":{"allow":["GET"]}}],"collection":[{"href":"https:\/\/www.bgamstetten.ac.at\/index.php\/wp-json\/wp\/v2\/pages"}],"about":[{"href":"https:\/\/www.bgamstetten.ac.at\/index.php\/wp-json\/wp\/v2\/types\/page"}],"author":[{"embeddable":true,"href":"https:\/\/www.bgamstetten.ac.at\/index.php\/wp-json\/wp\/v2\/users\/1"}],"replies":[{"embeddable":true,"href":"https:\/\/www.bgamstetten.ac.at\/index.php\/wp-json\/wp\/v2\/comments?post=351"}],"version-history":[{"count":10,"href":"https:\/\/www.bgamstetten.ac.at\/index.php\/wp-json\/wp\/v2\/pages\/351\/revisions"}],"predecessor-version":[{"id":57997,"href":"https:\/\/www.bgamstetten.ac.at\/index.php\/wp-json\/wp\/v2\/pages\/351\/revisions\/57997"}],"up":[{"embeddable":true,"href":"https:\/\/www.bgamstetten.ac.at\/index.php\/wp-json\/wp\/v2\/pages\/360"}],"wp:attachment":[{"href":"https:\/\/www.bgamstetten.ac.at\/index.php\/wp-json\/wp\/v2\/media?parent=351"}],"curies":[{"name":"wp","href":"https:\/\/api.w.org\/{rel}","templated":true}]}}